{"id":271284,"date":"2022-10-07T08:13:40","date_gmt":"2022-10-07T08:13:40","guid":{"rendered":"https:\/\/coffeelounge.delonghi.com\/?post_type=discover&#038;p=271284"},"modified":"2022-10-25T14:34:04","modified_gmt":"2022-10-25T14:34:04","slug":"como-conservar-o-seu-cafe-para-nao-perder-o-aroma","status":"publish","type":"discover","link":"https:\/\/coffeelounge.delonghi.com\/pt-pt\/discover\/como-conservar-o-seu-cafe-para-nao-perder-o-aroma\/","title":{"rendered":"Como conservar o seu caf\u00e9 para n\u00e3o perder o aroma"},"content":{"rendered":"<p>Um dos principais fatores a ter em conta para conseguir um <strong>caf\u00e9 perfeito<\/strong> \u00e9 a qualidade da mat\u00e9ria-prima. Quanto melhor for a qualidade do caf\u00e9, melhor ser\u00e1 o seu sabor e aroma. No entanto, comprar um caf\u00e9 de qualidade nem sempre significa que este esteja nas <strong>condi\u00e7\u00f5es ideais para consumo <\/strong>e s\u00e3o<strong> <\/strong>diversas as causas que podem fazer com que o caf\u00e9 perca as suas melhores propriedades.<\/p>","protected":false},"author":16627,"featured_media":271369,"menu_order":0,"template":"","meta":{"_acf_changed":false,"footnotes":""},"discover_type":[838],"class_list":["post-271284","discover","type-discover","status-publish","has-post-thumbnail","hentry","discover_type-cultura-do-cafe-pt-pt"],"acf":[],"yoast_head":"<!-- This site is optimized with the Yoast SEO Premium plugin v24.5 (Yoast SEO v24.5) - https:\/\/yoast.com\/wordpress\/plugins\/seo\/ -->\n<title>Como conservar o seu caf\u00e9 para n\u00e3o perder o aroma | De&#039;Longhi<\/title>\n<meta name=\"description\" content=\"S\u00e3o diversas as causas que podem fazer com que o caf\u00e9 perca as suas melhores propriedades. Saiba como conservar caf\u00e9!\" \/>\n<meta name=\"robots\" content=\"index, follow, max-snippet:-1, max-image-preview:large, max-video-preview:-1\" \/>\n<meta name=\"twitter:card\" content=\"summary_large_image\" \/>\n<meta name=\"twitter:title\" content=\"Como conservar o seu caf\u00e9 para n\u00e3o perder o aroma | De&#039;Longhi\" \/>\n<meta name=\"twitter:description\" content=\"S\u00e3o diversas as causas que podem fazer com que o caf\u00e9 perca as suas melhores propriedades. Saiba como conservar caf\u00e9!\" \/>\n<meta name=\"twitter:image\" content=\"https:\/\/coffeelounge.delonghi.com\/wp-content\/uploads\/2022\/09\/louis-hansel-axwaGNz0dvg-unsplash-scaled.jpg\" \/>\n<script type=\"application\/ld+json\" class=\"yoast-schema-graph\">{\"@context\":\"https:\/\/schema.org\",\"@graph\":[{\"@type\":\"WebPage\",\"@id\":\"https:\/\/coffeelounge.delonghi.com\/pt-pt\/discover\/como-conservar-o-seu-cafe-para-nao-perder-o-aroma\/\",\"url\":\"https:\/\/coffeelounge.delonghi.com\/pt-pt\/discover\/como-conservar-o-seu-cafe-para-nao-perder-o-aroma\/\",\"name\":\"Como conservar o seu caf\u00e9 para n\u00e3o perder o aroma | De&#039;Longhi\",\"isPartOf\":{\"@id\":\"https:\/\/coffeelounge.delonghi.com\/pt-pt\/#website\"},\"primaryImageOfPage\":{\"@id\":\"https:\/\/coffeelounge.delonghi.com\/pt-pt\/discover\/como-conservar-o-seu-cafe-para-nao-perder-o-aroma\/#primaryimage\"},\"image\":{\"@id\":\"https:\/\/coffeelounge.delonghi.com\/pt-pt\/discover\/como-conservar-o-seu-cafe-para-nao-perder-o-aroma\/#primaryimage\"},\"thumbnailUrl\":\"https:\/\/coffeelounge.delonghi.com\/wp-content\/uploads\/2022\/09\/louis-hansel-axwaGNz0dvg-unsplash-scaled.jpg\",\"datePublished\":\"2022-10-07T08:13:40+00:00\",\"dateModified\":\"2022-10-25T14:34:04+00:00\",\"description\":\"S\u00e3o diversas as causas que podem fazer com que o caf\u00e9 perca as suas melhores propriedades. Saiba como conservar caf\u00e9!\",\"breadcrumb\":{\"@id\":\"https:\/\/coffeelounge.delonghi.com\/pt-pt\/discover\/como-conservar-o-seu-cafe-para-nao-perder-o-aroma\/#breadcrumb\"},\"inLanguage\":\"pt-PT\",\"potentialAction\":[{\"@type\":\"ReadAction\",\"target\":[\"https:\/\/coffeelounge.delonghi.com\/pt-pt\/discover\/como-conservar-o-seu-cafe-para-nao-perder-o-aroma\/\"]}]},{\"@type\":\"ImageObject\",\"inLanguage\":\"pt-PT\",\"@id\":\"https:\/\/coffeelounge.delonghi.com\/pt-pt\/discover\/como-conservar-o-seu-cafe-para-nao-perder-o-aroma\/#primaryimage\",\"url\":\"https:\/\/coffeelounge.delonghi.com\/wp-content\/uploads\/2022\/09\/louis-hansel-axwaGNz0dvg-unsplash-scaled.jpg\",\"contentUrl\":\"https:\/\/coffeelounge.delonghi.com\/wp-content\/uploads\/2022\/09\/louis-hansel-axwaGNz0dvg-unsplash-scaled.jpg\",\"width\":2560,\"height\":1707,\"caption\":\"conservar caf\u00e9\"},{\"@type\":\"BreadcrumbList\",\"@id\":\"https:\/\/coffeelounge.delonghi.com\/pt-pt\/discover\/como-conservar-o-seu-cafe-para-nao-perder-o-aroma\/#breadcrumb\",\"itemListElement\":[{\"@type\":\"ListItem\",\"position\":1,\"name\":\"Home\",\"item\":\"https:\/\/coffeelounge.delonghi.com\/pt-pt\/\"},{\"@type\":\"ListItem\",\"position\":2,\"name\":\"Discover\",\"item\":\"https:\/\/coffeelounge.delonghi.com\/pt-pt\/discover\/\"},{\"@type\":\"ListItem\",\"position\":3,\"name\":\"Cultura do Caf\u00e9\",\"item\":\"https:\/\/coffeelounge.delonghi.com\/pt-pt\/discoveries\/cultura-do-cafe-pt-pt\/\"},{\"@type\":\"ListItem\",\"position\":4,\"name\":\"Como conservar o seu caf\u00e9 para n\u00e3o perder o aroma\"}]},{\"@type\":\"WebSite\",\"@id\":\"https:\/\/coffeelounge.delonghi.com\/pt-pt\/#website\",\"url\":\"https:\/\/coffeelounge.delonghi.com\/pt-pt\/\",\"name\":\"De&#039;Longhi\",\"description\":\"Coffee Lounge\",\"publisher\":{\"@id\":\"https:\/\/coffeelounge.delonghi.com\/pt-pt\/#organization\"},\"potentialAction\":[{\"@type\":\"SearchAction\",\"target\":{\"@type\":\"EntryPoint\",\"urlTemplate\":\"https:\/\/coffeelounge.delonghi.com\/pt-pt\/?s={search_term_string}\"},\"query-input\":{\"@type\":\"PropertyValueSpecification\",\"valueRequired\":true,\"valueName\":\"search_term_string\"}}],\"inLanguage\":\"pt-PT\"},{\"@type\":\"Organization\",\"@id\":\"https:\/\/coffeelounge.delonghi.com\/pt-pt\/#organization\",\"name\":\"De'Longhi Coffee Lounge\",\"url\":\"https:\/\/coffeelounge.delonghi.com\/pt-pt\/\",\"logo\":{\"@type\":\"ImageObject\",\"inLanguage\":\"pt-PT\",\"@id\":\"https:\/\/coffeelounge.delonghi.com\/pt-pt\/#\/schema\/logo\/image\/\",\"url\":\"https:\/\/coffeelounge.delonghi.com\/wp-content\/uploads\/2020\/05\/delonghi-coffee-lounge-logo-nederland.png\",\"contentUrl\":\"https:\/\/coffeelounge.delonghi.com\/wp-content\/uploads\/2020\/05\/delonghi-coffee-lounge-logo-nederland.png\",\"width\":2337,\"height\":724,\"caption\":\"De'Longhi Coffee Lounge\"},\"image\":{\"@id\":\"https:\/\/coffeelounge.delonghi.com\/pt-pt\/#\/schema\/logo\/image\/\"}}]}<\/script>\n<!-- \/ Yoast SEO Premium plugin. -->","yoast_head_json":{"title":"Como conservar o seu caf\u00e9 para n\u00e3o perder o aroma | De&#039;Longhi","description":"S\u00e3o diversas as causas que podem fazer com que o caf\u00e9 perca as suas melhores propriedades. Saiba como conservar caf\u00e9!","robots":{"index":"index","follow":"follow","max-snippet":"max-snippet:-1","max-image-preview":"max-image-preview:large","max-video-preview":"max-video-preview:-1"},"twitter_card":"summary_large_image","twitter_title":"Como conservar o seu caf\u00e9 para n\u00e3o perder o aroma | De&#039;Longhi","twitter_description":"S\u00e3o diversas as causas que podem fazer com que o caf\u00e9 perca as suas melhores propriedades. Saiba como conservar caf\u00e9!","twitter_image":"https:\/\/coffeelounge.delonghi.com\/wp-content\/uploads\/2022\/09\/louis-hansel-axwaGNz0dvg-unsplash-scaled.jpg","schema":{"@context":"https:\/\/schema.org","@graph":[{"@type":"WebPage","@id":"https:\/\/coffeelounge.delonghi.com\/pt-pt\/discover\/como-conservar-o-seu-cafe-para-nao-perder-o-aroma\/","url":"https:\/\/coffeelounge.delonghi.com\/pt-pt\/discover\/como-conservar-o-seu-cafe-para-nao-perder-o-aroma\/","name":"Como conservar o seu caf\u00e9 para n\u00e3o perder o aroma | De&#039;Longhi","isPartOf":{"@id":"https:\/\/coffeelounge.delonghi.com\/pt-pt\/#website"},"primaryImageOfPage":{"@id":"https:\/\/coffeelounge.delonghi.com\/pt-pt\/discover\/como-conservar-o-seu-cafe-para-nao-perder-o-aroma\/#primaryimage"},"image":{"@id":"https:\/\/coffeelounge.delonghi.com\/pt-pt\/discover\/como-conservar-o-seu-cafe-para-nao-perder-o-aroma\/#primaryimage"},"thumbnailUrl":"https:\/\/coffeelounge.delonghi.com\/wp-content\/uploads\/2022\/09\/louis-hansel-axwaGNz0dvg-unsplash-scaled.jpg","datePublished":"2022-10-07T08:13:40+00:00","dateModified":"2022-10-25T14:34:04+00:00","description":"S\u00e3o diversas as causas que podem fazer com que o caf\u00e9 perca as suas melhores propriedades. Saiba como conservar caf\u00e9!","breadcrumb":{"@id":"https:\/\/coffeelounge.delonghi.com\/pt-pt\/discover\/como-conservar-o-seu-cafe-para-nao-perder-o-aroma\/#breadcrumb"},"inLanguage":"pt-PT","potentialAction":[{"@type":"ReadAction","target":["https:\/\/coffeelounge.delonghi.com\/pt-pt\/discover\/como-conservar-o-seu-cafe-para-nao-perder-o-aroma\/"]}]},{"@type":"ImageObject","inLanguage":"pt-PT","@id":"https:\/\/coffeelounge.delonghi.com\/pt-pt\/discover\/como-conservar-o-seu-cafe-para-nao-perder-o-aroma\/#primaryimage","url":"https:\/\/coffeelounge.delonghi.com\/wp-content\/uploads\/2022\/09\/louis-hansel-axwaGNz0dvg-unsplash-scaled.jpg","contentUrl":"https:\/\/coffeelounge.delonghi.com\/wp-content\/uploads\/2022\/09\/louis-hansel-axwaGNz0dvg-unsplash-scaled.jpg","width":2560,"height":1707,"caption":"conservar caf\u00e9"},{"@type":"BreadcrumbList","@id":"https:\/\/coffeelounge.delonghi.com\/pt-pt\/discover\/como-conservar-o-seu-cafe-para-nao-perder-o-aroma\/#breadcrumb","itemListElement":[{"@type":"ListItem","position":1,"name":"Home","item":"https:\/\/coffeelounge.delonghi.com\/pt-pt\/"},{"@type":"ListItem","position":2,"name":"Discover","item":"https:\/\/coffeelounge.delonghi.com\/pt-pt\/discover\/"},{"@type":"ListItem","position":3,"name":"Cultura do Caf\u00e9","item":"https:\/\/coffeelounge.delonghi.com\/pt-pt\/discoveries\/cultura-do-cafe-pt-pt\/"},{"@type":"ListItem","position":4,"name":"Como conservar o seu caf\u00e9 para n\u00e3o perder o aroma"}]},{"@type":"WebSite","@id":"https:\/\/coffeelounge.delonghi.com\/pt-pt\/#website","url":"https:\/\/coffeelounge.delonghi.com\/pt-pt\/","name":"De&#039;Longhi","description":"Coffee Lounge","publisher":{"@id":"https:\/\/coffeelounge.delonghi.com\/pt-pt\/#organization"},"potentialAction":[{"@type":"SearchAction","target":{"@type":"EntryPoint","urlTemplate":"https:\/\/coffeelounge.delonghi.com\/pt-pt\/?s={search_term_string}"},"query-input":{"@type":"PropertyValueSpecification","valueRequired":true,"valueName":"search_term_string"}}],"inLanguage":"pt-PT"},{"@type":"Organization","@id":"https:\/\/coffeelounge.delonghi.com\/pt-pt\/#organization","name":"De'Longhi Coffee Lounge","url":"https:\/\/coffeelounge.delonghi.com\/pt-pt\/","logo":{"@type":"ImageObject","inLanguage":"pt-PT","@id":"https:\/\/coffeelounge.delonghi.com\/pt-pt\/#\/schema\/logo\/image\/","url":"https:\/\/coffeelounge.delonghi.com\/wp-content\/uploads\/2020\/05\/delonghi-coffee-lounge-logo-nederland.png","contentUrl":"https:\/\/coffeelounge.delonghi.com\/wp-content\/uploads\/2020\/05\/delonghi-coffee-lounge-logo-nederland.png","width":2337,"height":724,"caption":"De'Longhi Coffee Lounge"},"image":{"@id":"https:\/\/coffeelounge.delonghi.com\/pt-pt\/#\/schema\/logo\/image\/"}}]}},"_links":{"self":[{"href":"https:\/\/coffeelounge.delonghi.com\/pt-pt\/wp-json\/wp\/v2\/discover\/271284","targetHints":{"allow":["GET"]}}],"collection":[{"href":"https:\/\/coffeelounge.delonghi.com\/pt-pt\/wp-json\/wp\/v2\/discover"}],"about":[{"href":"https:\/\/coffeelounge.delonghi.com\/pt-pt\/wp-json\/wp\/v2\/types\/discover"}],"author":[{"embeddable":true,"href":"https:\/\/coffeelounge.delonghi.com\/pt-pt\/wp-json\/wp\/v2\/users\/16627"}],"version-history":[{"count":0,"href":"https:\/\/coffeelounge.delonghi.com\/pt-pt\/wp-json\/wp\/v2\/discover\/271284\/revisions"}],"wp:featuredmedia":[{"embeddable":true,"href":"https:\/\/coffeelounge.delonghi.com\/pt-pt\/wp-json\/wp\/v2\/media\/271369"}],"wp:attachment":[{"href":"https:\/\/coffeelounge.delonghi.com\/pt-pt\/wp-json\/wp\/v2\/media?parent=271284"}],"wp:term":[{"taxonomy":"discover_type","embeddable":true,"href":"https:\/\/coffeelounge.delonghi.com\/pt-pt\/wp-json\/wp\/v2\/discover_type?post=271284"}],"curies":[{"name":"wp","href":"https:\/\/api.w.org\/{rel}","templated":true}]}}

Como conservar o seu café para não perder o aroma

<p>Um dos principais fatores a ter em conta para conseguir um <strong>café perfeito</strong> é a qualidade da matéria-prima. Quanto melhor for a qualidade do café, melhor será o seu sabor e aroma. No entanto, comprar um café de qualidade nem sempre significa que este esteja nas <strong>condições ideais para consumo </strong>e são<strong> </strong>diversas as causas que podem fazer com que o café perca as suas melhores propriedades.</p>

<!-- This site is optimized with the Yoast SEO Premium plugin v24.5 (Yoast SEO v24.5) - https://yoast.com/wordpress/plugins/seo/ -->
<title>Como conservar o seu café para não perder o aroma | De&#039;Longhi</title>
<meta name="description" content="São diversas as causas que podem fazer com que o café perca as suas melhores propriedades. Saiba como conservar café!" />
<meta name="robots" content="index, follow, max-snippet:-1, max-image-preview:large, max-video-preview:-1" />
<meta name="twitter:card" content="summary_large_image" />
<meta name="twitter:title" content="Como conservar o seu café para não perder o aroma | De&#039;Longhi" />
<meta name="twitter:description" content="São diversas as causas que podem fazer com que o café perca as suas melhores propriedades. Saiba como conservar café!" />
<meta name="twitter:image" content="https://coffeelounge.delonghi.com/wp-content/uploads/2022/09/louis-hansel-axwaGNz0dvg-unsplash-scaled.jpg" />
<script type="application/ld+json" class="yoast-schema-graph">{"@context":"https://schema.org","@graph":[{"@type":"WebPage","@id":"https://coffeelounge.delonghi.com/pt-pt/discover/como-conservar-o-seu-cafe-para-nao-perder-o-aroma/","url":"https://coffeelounge.delonghi.com/pt-pt/discover/como-conservar-o-seu-cafe-para-nao-perder-o-aroma/","name":"Como conservar o seu café para não perder o aroma | De&#039;Longhi","isPartOf":{"@id":"https://coffeelounge.delonghi.com/pt-pt/#website"},"primaryImageOfPage":{"@id":"https://coffeelounge.delonghi.com/pt-pt/discover/como-conservar-o-seu-cafe-para-nao-perder-o-aroma/#primaryimage"},"image":{"@id":"https://coffeelounge.delonghi.com/pt-pt/discover/como-conservar-o-seu-cafe-para-nao-perder-o-aroma/#primaryimage"},"thumbnailUrl":"https://coffeelounge.delonghi.com/wp-content/uploads/2022/09/louis-hansel-axwaGNz0dvg-unsplash-scaled.jpg","datePublished":"2022-10-07T08:13:40+00:00","dateModified":"2022-10-25T14:34:04+00:00","description":"São diversas as causas que podem fazer com que o café perca as suas melhores propriedades. Saiba como conservar café!","breadcrumb":{"@id":"https://coffeelounge.delonghi.com/pt-pt/discover/como-conservar-o-seu-cafe-para-nao-perder-o-aroma/#breadcrumb"},"inLanguage":"pt-PT","potentialAction":[{"@type":"ReadAction","target":["https://coffeelounge.delonghi.com/pt-pt/discover/como-conservar-o-seu-cafe-para-nao-perder-o-aroma/"]}]},{"@type":"ImageObject","inLanguage":"pt-PT","@id":"https://coffeelounge.delonghi.com/pt-pt/discover/como-conservar-o-seu-cafe-para-nao-perder-o-aroma/#primaryimage","url":"https://coffeelounge.delonghi.com/wp-content/uploads/2022/09/louis-hansel-axwaGNz0dvg-unsplash-scaled.jpg","contentUrl":"https://coffeelounge.delonghi.com/wp-content/uploads/2022/09/louis-hansel-axwaGNz0dvg-unsplash-scaled.jpg","width":2560,"height":1707,"caption":"conservar café"},{"@type":"BreadcrumbList","@id":"https://coffeelounge.delonghi.com/pt-pt/discover/como-conservar-o-seu-cafe-para-nao-perder-o-aroma/#breadcrumb","itemListElement":[{"@type":"ListItem","position":1,"name":"Home","item":"https://coffeelounge.delonghi.com/pt-pt/"},{"@type":"ListItem","position":2,"name":"Discover","item":"https://coffeelounge.delonghi.com/pt-pt/discover/"},{"@type":"ListItem","position":3,"name":"Cultura do Café","item":"https://coffeelounge.delonghi.com/pt-pt/discoveries/cultura-do-cafe-pt-pt/"},{"@type":"ListItem","position":4,"name":"Como conservar o seu café para não perder o aroma"}]},{"@type":"WebSite","@id":"https://coffeelounge.delonghi.com/pt-pt/#website","url":"https://coffeelounge.delonghi.com/pt-pt/","name":"De&#039;Longhi","description":"Coffee Lounge","publisher":{"@id":"https://coffeelounge.delonghi.com/pt-pt/#organization"},"potentialAction":[{"@type":"SearchAction","target":{"@type":"EntryPoint","urlTemplate":"https://coffeelounge.delonghi.com/pt-pt/?s={search_term_string}"},"query-input":{"@type":"PropertyValueSpecification","valueRequired":true,"valueName":"search_term_string"}}],"inLanguage":"pt-PT"},{"@type":"Organization","@id":"https://coffeelounge.delonghi.com/pt-pt/#organization","name":"De'Longhi Coffee Lounge","url":"https://coffeelounge.delonghi.com/pt-pt/","logo":{"@type":"ImageObject","inLanguage":"pt-PT","@id":"https://coffeelounge.delonghi.com/pt-pt/#/schema/logo/image/","url":"https://coffeelounge.delonghi.com/wp-content/uploads/2020/05/delonghi-coffee-lounge-logo-nederland.png","contentUrl":"https://coffeelounge.delonghi.com/wp-content/uploads/2020/05/delonghi-coffee-lounge-logo-nederland.png","width":2337,"height":724,"caption":"De'Longhi Coffee Lounge"},"image":{"@id":"https://coffeelounge.delonghi.com/pt-pt/#/schema/logo/image/"}}]}</script>
<!-- / Yoast SEO Premium plugin. -->

Como conservar o seu café para não perder o aroma | De&#039;Longhi

São diversas as causas que podem fazer com que o café perca as suas melhores propriedades. Saiba como conservar café!

conservar café

Cultura do Café
