{"id":25052,"date":"2021-05-02T13:18:50","date_gmt":"2021-05-02T13:18:50","guid":{"rendered":"https:\/\/coffeelounge.delonghi.com\/?post_type=product&#038;p=25052"},"modified":"2024-03-04T08:33:25","modified_gmt":"2024-03-04T08:33:25","slug":"caffe-cerrado-17-18-decaffeinato-ad-acqua-lady-caffe","status":"publish","type":"product","link":"https:\/\/coffeelounge.delonghi.com\/it\/product\/caffe-cerrado-17-18-decaffeinato-ad-acqua-lady-caffe\/","title":{"rendered":"Caff\u00e8 CERRADO 17\/18 decaffeinato ad acqua"},"content":{"rendered":"<p>La grande tradizione brasiliana nella coltivazione e lavorazione del caff\u00e8 si riconferma appieno con questa eccezionale variet\u00e0. La particolarit\u00e0 del Santos Cerrado \u00e8, infatti, dovuta anche alla lavorazione secondo un antico metodo che prevede il lavaggio delle ciliegie. Coltivato nella regione denominata \u201cCerrado\u201d si contraddistingue per la sua dolcezza e per il carattere morbido e delicato. Gusto \u201csoft\u201d, dolce naturale, corposo e leggera acidit\u00e0.<\/p>\n<p>I nostri caff\u00e8 hanno l\u2019importante caratteristica di essere torrefatti in modo artigianale; solo con l\u2019esperienza e un controllo umano si ottiene la selezione del livello ottimale della tostatura stessa. Tostato a fuoco diretto \u00e8 un caff\u00e8 molto equilibrato.<\/p>\n<p>Come funziona il procedimento di decaffeinizzazione ad acqua?<\/p>\n<p>Il processo di decaffeinizzazione consiste nel rimuovere la caffeina direttamente dal caff\u00e8 verde. Questo metodo naturale utilizza acqua e passaggi ripetuti sui carboni attivi, senza l\u2019uso di alcun additivo chimico durante l\u2019intero processo. L\u2019innovazione consiste nell\u2019evitare che, durante la lavorazione, insieme alla caffeina vengano perse anche le propriet\u00e0 aromatiche del caff\u00e8.<\/p>\n<p><strong>Metodo di decaffeinizzazione<\/strong>: acqua<\/p>\n","protected":false},"excerpt":{"rendered":"<p>La grande tradizione brasiliana nella coltivazione e lavorazione del caff\u00e8 si riconferma appieno con questa eccezionale variet\u00e0. La particolarit\u00e0 del Santos Cerrado \u00e8, infatti, dovuta anche alla lavorazione secondo un antico metodo che prevede il lavaggio delle ciliegie. Coltivato nella regione denominata \u201cCerrado\u201d si contraddistingue per la sua dolcezza e per il carattere morbido e [&hellip;]<\/p>\n","protected":false},"featured_media":418835,"comment_status":"closed","ping_status":"closed","template":"","meta":{"_acf_changed":false},"product_cat":[74,73],"product_tag":[],"class_list":{"0":"post-25052","1":"product","2":"type-product","3":"status-publish","4":"has-post-thumbnail","6":"product_cat-tutti","7":"product_cat-decaffeinato","9":"first","10":"instock","11":"taxable","12":"shipping-taxable","13":"purchasable","14":"product-type-variable"},"acf":[],"yoast_head":"<!-- This site is optimized with the Yoast SEO Premium plugin v24.5 (Yoast SEO v24.5) - https:\/\/yoast.com\/wordpress\/plugins\/seo\/ -->\n<title>Caff\u00e8 CERRADO 17\/18 decaffeinato ad acqua | De&#039;Longhi<\/title>\n<meta name=\"description\" content=\"La grande tradizione brasiliana nella coltivazione e lavorazione del caff\u00e8 si riconferma appieno con questa eccezionale variet\u00e0.\" \/>\n<meta name=\"robots\" content=\"index, follow, max-snippet:-1, max-image-preview:large, max-video-preview:-1\" \/>\n<meta name=\"twitter:card\" content=\"summary_large_image\" \/>\n<meta name=\"twitter:title\" content=\"Caff\u00e8 CERRADO 17\/18 decaffeinato ad acqua | De&#039;Longhi\" \/>\n<meta name=\"twitter:description\" content=\"La grande tradizione brasiliana nella coltivazione e lavorazione del caff\u00e8 si riconferma appieno con questa eccezionale variet\u00e0.\" \/>\n<meta name=\"twitter:image\" content=\"https:\/\/coffeelounge.delonghi.com\/wp-content\/uploads\/2021\/05\/CERRADO_17_18_decaffeinato_ad_acqua_Lady-Pack5.png\" \/>\n<script type=\"application\/ld+json\" class=\"yoast-schema-graph\">{\"@context\":\"https:\/\/schema.org\",\"@graph\":[{\"@type\":\"WebPage\",\"@id\":\"https:\/\/coffeelounge.delonghi.com\/it\/product\/caffe-cerrado-17-18-decaffeinato-ad-acqua-lady-caffe\/\",\"url\":\"https:\/\/coffeelounge.delonghi.com\/it\/product\/caffe-cerrado-17-18-decaffeinato-ad-acqua-lady-caffe\/\",\"name\":\"Caff\u00e8 CERRADO 17\/18 decaffeinato ad acqua | De&#039;Longhi\",\"isPartOf\":{\"@id\":\"https:\/\/coffeelounge.delonghi.com\/it\/#website\"},\"primaryImageOfPage\":{\"@id\":\"https:\/\/coffeelounge.delonghi.com\/it\/product\/caffe-cerrado-17-18-decaffeinato-ad-acqua-lady-caffe\/#primaryimage\"},\"image\":{\"@id\":\"https:\/\/coffeelounge.delonghi.com\/it\/product\/caffe-cerrado-17-18-decaffeinato-ad-acqua-lady-caffe\/#primaryimage\"},\"thumbnailUrl\":\"https:\/\/coffeelounge.delonghi.com\/wp-content\/uploads\/2021\/05\/CERRADO_17_18_decaffeinato_ad_acqua_Lady-Pack5.png\",\"datePublished\":\"2021-05-02T13:18:50+00:00\",\"dateModified\":\"2024-03-04T08:33:25+00:00\",\"description\":\"La grande tradizione brasiliana nella coltivazione e lavorazione del caff\u00e8 si riconferma appieno con questa eccezionale variet\u00e0.\",\"breadcrumb\":{\"@id\":\"https:\/\/coffeelounge.delonghi.com\/it\/product\/caffe-cerrado-17-18-decaffeinato-ad-acqua-lady-caffe\/#breadcrumb\"},\"inLanguage\":\"it-IT\",\"potentialAction\":[{\"@type\":\"ReadAction\",\"target\":[\"https:\/\/coffeelounge.delonghi.com\/it\/product\/caffe-cerrado-17-18-decaffeinato-ad-acqua-lady-caffe\/\"]}]},{\"@type\":\"ImageObject\",\"inLanguage\":\"it-IT\",\"@id\":\"https:\/\/coffeelounge.delonghi.com\/it\/product\/caffe-cerrado-17-18-decaffeinato-ad-acqua-lady-caffe\/#primaryimage\",\"url\":\"https:\/\/coffeelounge.delonghi.com\/wp-content\/uploads\/2021\/05\/CERRADO_17_18_decaffeinato_ad_acqua_Lady-Pack5.png\",\"contentUrl\":\"https:\/\/coffeelounge.delonghi.com\/wp-content\/uploads\/2021\/05\/CERRADO_17_18_decaffeinato_ad_acqua_Lady-Pack5.png\",\"width\":450,\"height\":450},{\"@type\":\"BreadcrumbList\",\"@id\":\"https:\/\/coffeelounge.delonghi.com\/it\/product\/caffe-cerrado-17-18-decaffeinato-ad-acqua-lady-caffe\/#breadcrumb\",\"itemListElement\":[{\"@type\":\"ListItem\",\"position\":1,\"name\":\"Home\",\"item\":\"https:\/\/coffeelounge.delonghi.com\/it\/\"},{\"@type\":\"ListItem\",\"position\":2,\"name\":\"Boutique\",\"item\":\"https:\/\/coffeelounge.delonghi.com\/fr\/?page_id=36\"},{\"@type\":\"ListItem\",\"position\":3,\"name\":\"Caff\u00e8 CERRADO 17\/18 decaffeinato ad acqua\"}]},{\"@type\":\"WebSite\",\"@id\":\"https:\/\/coffeelounge.delonghi.com\/it\/#website\",\"url\":\"https:\/\/coffeelounge.delonghi.com\/it\/\",\"name\":\"De&#039;Longhi\",\"description\":\"Coffee Lounge\",\"publisher\":{\"@id\":\"https:\/\/coffeelounge.delonghi.com\/it\/#organization\"},\"potentialAction\":[{\"@type\":\"SearchAction\",\"target\":{\"@type\":\"EntryPoint\",\"urlTemplate\":\"https:\/\/coffeelounge.delonghi.com\/it\/?s={search_term_string}\"},\"query-input\":{\"@type\":\"PropertyValueSpecification\",\"valueRequired\":true,\"valueName\":\"search_term_string\"}}],\"inLanguage\":\"it-IT\"},{\"@type\":\"Organization\",\"@id\":\"https:\/\/coffeelounge.delonghi.com\/it\/#organization\",\"name\":\"De'Longhi Coffee Lounge\",\"url\":\"https:\/\/coffeelounge.delonghi.com\/it\/\",\"logo\":{\"@type\":\"ImageObject\",\"inLanguage\":\"it-IT\",\"@id\":\"https:\/\/coffeelounge.delonghi.com\/it\/#\/schema\/logo\/image\/\",\"url\":\"https:\/\/coffeelounge.delonghi.com\/wp-content\/uploads\/2020\/05\/delonghi-coffee-lounge-logo-nederland.png\",\"contentUrl\":\"https:\/\/coffeelounge.delonghi.com\/wp-content\/uploads\/2020\/05\/delonghi-coffee-lounge-logo-nederland.png\",\"width\":2337,\"height\":724,\"caption\":\"De'Longhi Coffee Lounge\"},\"image\":{\"@id\":\"https:\/\/coffeelounge.delonghi.com\/it\/#\/schema\/logo\/image\/\"}}]}<\/script>\n<!-- \/ Yoast SEO Premium plugin. -->","yoast_head_json":{"title":"Caff\u00e8 CERRADO 17\/18 decaffeinato ad acqua | De&#039;Longhi","description":"La grande tradizione brasiliana nella coltivazione e lavorazione del caff\u00e8 si riconferma appieno con questa eccezionale variet\u00e0.","robots":{"index":"index","follow":"follow","max-snippet":"max-snippet:-1","max-image-preview":"max-image-preview:large","max-video-preview":"max-video-preview:-1"},"twitter_card":"summary_large_image","twitter_title":"Caff\u00e8 CERRADO 17\/18 decaffeinato ad acqua | De&#039;Longhi","twitter_description":"La grande tradizione brasiliana nella coltivazione e lavorazione del caff\u00e8 si riconferma appieno con questa eccezionale variet\u00e0.","twitter_image":"https:\/\/coffeelounge.delonghi.com\/wp-content\/uploads\/2021\/05\/CERRADO_17_18_decaffeinato_ad_acqua_Lady-Pack5.png","schema":{"@context":"https:\/\/schema.org","@graph":[{"@type":"WebPage","@id":"https:\/\/coffeelounge.delonghi.com\/it\/product\/caffe-cerrado-17-18-decaffeinato-ad-acqua-lady-caffe\/","url":"https:\/\/coffeelounge.delonghi.com\/it\/product\/caffe-cerrado-17-18-decaffeinato-ad-acqua-lady-caffe\/","name":"Caff\u00e8 CERRADO 17\/18 decaffeinato ad acqua | De&#039;Longhi","isPartOf":{"@id":"https:\/\/coffeelounge.delonghi.com\/it\/#website"},"primaryImageOfPage":{"@id":"https:\/\/coffeelounge.delonghi.com\/it\/product\/caffe-cerrado-17-18-decaffeinato-ad-acqua-lady-caffe\/#primaryimage"},"image":{"@id":"https:\/\/coffeelounge.delonghi.com\/it\/product\/caffe-cerrado-17-18-decaffeinato-ad-acqua-lady-caffe\/#primaryimage"},"thumbnailUrl":"https:\/\/coffeelounge.delonghi.com\/wp-content\/uploads\/2021\/05\/CERRADO_17_18_decaffeinato_ad_acqua_Lady-Pack5.png","datePublished":"2021-05-02T13:18:50+00:00","dateModified":"2024-03-04T08:33:25+00:00","description":"La grande tradizione brasiliana nella coltivazione e lavorazione del caff\u00e8 si riconferma appieno con questa eccezionale variet\u00e0.","breadcrumb":{"@id":"https:\/\/coffeelounge.delonghi.com\/it\/product\/caffe-cerrado-17-18-decaffeinato-ad-acqua-lady-caffe\/#breadcrumb"},"inLanguage":"it-IT","potentialAction":[{"@type":"ReadAction","target":["https:\/\/coffeelounge.delonghi.com\/it\/product\/caffe-cerrado-17-18-decaffeinato-ad-acqua-lady-caffe\/"]}]},{"@type":"ImageObject","inLanguage":"it-IT","@id":"https:\/\/coffeelounge.delonghi.com\/it\/product\/caffe-cerrado-17-18-decaffeinato-ad-acqua-lady-caffe\/#primaryimage","url":"https:\/\/coffeelounge.delonghi.com\/wp-content\/uploads\/2021\/05\/CERRADO_17_18_decaffeinato_ad_acqua_Lady-Pack5.png","contentUrl":"https:\/\/coffeelounge.delonghi.com\/wp-content\/uploads\/2021\/05\/CERRADO_17_18_decaffeinato_ad_acqua_Lady-Pack5.png","width":450,"height":450},{"@type":"BreadcrumbList","@id":"https:\/\/coffeelounge.delonghi.com\/it\/product\/caffe-cerrado-17-18-decaffeinato-ad-acqua-lady-caffe\/#breadcrumb","itemListElement":[{"@type":"ListItem","position":1,"name":"Home","item":"https:\/\/coffeelounge.delonghi.com\/it\/"},{"@type":"ListItem","position":2,"name":"Boutique","item":"https:\/\/coffeelounge.delonghi.com\/fr\/?page_id=36"},{"@type":"ListItem","position":3,"name":"Caff\u00e8 CERRADO 17\/18 decaffeinato ad acqua"}]},{"@type":"WebSite","@id":"https:\/\/coffeelounge.delonghi.com\/it\/#website","url":"https:\/\/coffeelounge.delonghi.com\/it\/","name":"De&#039;Longhi","description":"Coffee Lounge","publisher":{"@id":"https:\/\/coffeelounge.delonghi.com\/it\/#organization"},"potentialAction":[{"@type":"SearchAction","target":{"@type":"EntryPoint","urlTemplate":"https:\/\/coffeelounge.delonghi.com\/it\/?s={search_term_string}"},"query-input":{"@type":"PropertyValueSpecification","valueRequired":true,"valueName":"search_term_string"}}],"inLanguage":"it-IT"},{"@type":"Organization","@id":"https:\/\/coffeelounge.delonghi.com\/it\/#organization","name":"De'Longhi Coffee Lounge","url":"https:\/\/coffeelounge.delonghi.com\/it\/","logo":{"@type":"ImageObject","inLanguage":"it-IT","@id":"https:\/\/coffeelounge.delonghi.com\/it\/#\/schema\/logo\/image\/","url":"https:\/\/coffeelounge.delonghi.com\/wp-content\/uploads\/2020\/05\/delonghi-coffee-lounge-logo-nederland.png","contentUrl":"https:\/\/coffeelounge.delonghi.com\/wp-content\/uploads\/2020\/05\/delonghi-coffee-lounge-logo-nederland.png","width":2337,"height":724,"caption":"De'Longhi Coffee Lounge"},"image":{"@id":"https:\/\/coffeelounge.delonghi.com\/it\/#\/schema\/logo\/image\/"}}]}},"_links":{"self":[{"href":"https:\/\/coffeelounge.delonghi.com\/it\/wp-json\/wp\/v2\/product\/25052","targetHints":{"allow":["GET"]}}],"collection":[{"href":"https:\/\/coffeelounge.delonghi.com\/it\/wp-json\/wp\/v2\/product"}],"about":[{"href":"https:\/\/coffeelounge.delonghi.com\/it\/wp-json\/wp\/v2\/types\/product"}],"replies":[{"embeddable":true,"href":"https:\/\/coffeelounge.delonghi.com\/it\/wp-json\/wp\/v2\/comments?post=25052"}],"version-history":[{"count":2,"href":"https:\/\/coffeelounge.delonghi.com\/it\/wp-json\/wp\/v2\/product\/25052\/revisions"}],"predecessor-version":[{"id":422023,"href":"https:\/\/coffeelounge.delonghi.com\/it\/wp-json\/wp\/v2\/product\/25052\/revisions\/422023"}],"wp:featuredmedia":[{"embeddable":true,"href":"https:\/\/coffeelounge.delonghi.com\/it\/wp-json\/wp\/v2\/media\/418835"}],"wp:attachment":[{"href":"https:\/\/coffeelounge.delonghi.com\/it\/wp-json\/wp\/v2\/media?parent=25052"}],"wp:term":[{"taxonomy":"product_cat","embeddable":true,"href":"https:\/\/coffeelounge.delonghi.com\/it\/wp-json\/wp\/v2\/product_cat?post=25052"},{"taxonomy":"product_tag","embeddable":true,"href":"https:\/\/coffeelounge.delonghi.com\/it\/wp-json\/wp\/v2\/product_tag?post=25052"}],"curies":[{"name":"wp","href":"https:\/\/api.w.org\/{rel}","templated":true}]}}

Caffè CERRADO 17/18 decaffeinato ad acqua

<p>La grande tradizione brasiliana nella coltivazione e lavorazione del caffè si riconferma appieno con questa eccezionale varietà. La particolarità del Santos Cerrado è, infatti, dovuta anche alla lavorazione secondo un antico metodo che prevede il lavaggio delle ciliegie. Coltivato nella regione denominata “Cerrado” si contraddistingue per la sua dolcezza e per il carattere morbido e delicato. Gusto “soft”, dolce naturale, corposo e leggera acidità.</p>
<p>I nostri caffè hanno l’importante caratteristica di essere torrefatti in modo artigianale; solo con l’esperienza e un controllo umano si ottiene la selezione del livello ottimale della tostatura stessa. Tostato a fuoco diretto è un caffè molto equilibrato.</p>
<p>Come funziona il procedimento di decaffeinizzazione ad acqua?</p>
<p>Il processo di decaffeinizzazione consiste nel rimuovere la caffeina direttamente dal caffè verde. Questo metodo naturale utilizza acqua e passaggi ripetuti sui carboni attivi, senza l’uso di alcun additivo chimico durante l’intero processo. L’innovazione consiste nell’evitare che, durante la lavorazione, insieme alla caffeina vengano perse anche le proprietà aromatiche del caffè.</p>
<p><strong>Metodo di decaffeinizzazione</strong>: acqua</p>

<p>La grande tradizione brasiliana nella coltivazione e lavorazione del caffè si riconferma appieno con questa eccezionale varietà. La particolarità del Santos Cerrado è, infatti, dovuta anche alla lavorazione secondo un antico metodo che prevede il lavaggio delle ciliegie. Coltivato nella regione denominata “Cerrado” si contraddistingue per la sua dolcezza e per il carattere morbido e [&hellip;]</p>

<!-- This site is optimized with the Yoast SEO Premium plugin v24.5 (Yoast SEO v24.5) - https://yoast.com/wordpress/plugins/seo/ -->
<title>Caffè CERRADO 17/18 decaffeinato ad acqua | De&#039;Longhi</title>
<meta name="description" content="La grande tradizione brasiliana nella coltivazione e lavorazione del caffè si riconferma appieno con questa eccezionale varietà." />
<meta name="robots" content="index, follow, max-snippet:-1, max-image-preview:large, max-video-preview:-1" />
<meta name="twitter:card" content="summary_large_image" />
<meta name="twitter:title" content="Caffè CERRADO 17/18 decaffeinato ad acqua | De&#039;Longhi" />
<meta name="twitter:description" content="La grande tradizione brasiliana nella coltivazione e lavorazione del caffè si riconferma appieno con questa eccezionale varietà." />
<meta name="twitter:image" content="https://coffeelounge.delonghi.com/wp-content/uploads/2021/05/CERRADO_17_18_decaffeinato_ad_acqua_Lady-Pack5.png" />
<script type="application/ld+json" class="yoast-schema-graph">{"@context":"https://schema.org","@graph":[{"@type":"WebPage","@id":"https://coffeelounge.delonghi.com/it/product/caffe-cerrado-17-18-decaffeinato-ad-acqua-lady-caffe/","url":"https://coffeelounge.delonghi.com/it/product/caffe-cerrado-17-18-decaffeinato-ad-acqua-lady-caffe/","name":"Caffè CERRADO 17/18 decaffeinato ad acqua | De&#039;Longhi","isPartOf":{"@id":"https://coffeelounge.delonghi.com/it/#website"},"primaryImageOfPage":{"@id":"https://coffeelounge.delonghi.com/it/product/caffe-cerrado-17-18-decaffeinato-ad-acqua-lady-caffe/#primaryimage"},"image":{"@id":"https://coffeelounge.delonghi.com/it/product/caffe-cerrado-17-18-decaffeinato-ad-acqua-lady-caffe/#primaryimage"},"thumbnailUrl":"https://coffeelounge.delonghi.com/wp-content/uploads/2021/05/CERRADO_17_18_decaffeinato_ad_acqua_Lady-Pack5.png","datePublished":"2021-05-02T13:18:50+00:00","dateModified":"2024-03-04T08:33:25+00:00","description":"La grande tradizione brasiliana nella coltivazione e lavorazione del caffè si riconferma appieno con questa eccezionale varietà.","breadcrumb":{"@id":"https://coffeelounge.delonghi.com/it/product/caffe-cerrado-17-18-decaffeinato-ad-acqua-lady-caffe/#breadcrumb"},"inLanguage":"it-IT","potentialAction":[{"@type":"ReadAction","target":["https://coffeelounge.delonghi.com/it/product/caffe-cerrado-17-18-decaffeinato-ad-acqua-lady-caffe/"]}]},{"@type":"ImageObject","inLanguage":"it-IT","@id":"https://coffeelounge.delonghi.com/it/product/caffe-cerrado-17-18-decaffeinato-ad-acqua-lady-caffe/#primaryimage","url":"https://coffeelounge.delonghi.com/wp-content/uploads/2021/05/CERRADO_17_18_decaffeinato_ad_acqua_Lady-Pack5.png","contentUrl":"https://coffeelounge.delonghi.com/wp-content/uploads/2021/05/CERRADO_17_18_decaffeinato_ad_acqua_Lady-Pack5.png","width":450,"height":450},{"@type":"BreadcrumbList","@id":"https://coffeelounge.delonghi.com/it/product/caffe-cerrado-17-18-decaffeinato-ad-acqua-lady-caffe/#breadcrumb","itemListElement":[{"@type":"ListItem","position":1,"name":"Home","item":"https://coffeelounge.delonghi.com/it/"},{"@type":"ListItem","position":2,"name":"Boutique","item":"https://coffeelounge.delonghi.com/fr/?page_id=36"},{"@type":"ListItem","position":3,"name":"Caffè CERRADO 17/18 decaffeinato ad acqua"}]},{"@type":"WebSite","@id":"https://coffeelounge.delonghi.com/it/#website","url":"https://coffeelounge.delonghi.com/it/","name":"De&#039;Longhi","description":"Coffee Lounge","publisher":{"@id":"https://coffeelounge.delonghi.com/it/#organization"},"potentialAction":[{"@type":"SearchAction","target":{"@type":"EntryPoint","urlTemplate":"https://coffeelounge.delonghi.com/it/?s={search_term_string}"},"query-input":{"@type":"PropertyValueSpecification","valueRequired":true,"valueName":"search_term_string"}}],"inLanguage":"it-IT"},{"@type":"Organization","@id":"https://coffeelounge.delonghi.com/it/#organization","name":"De'Longhi Coffee Lounge","url":"https://coffeelounge.delonghi.com/it/","logo":{"@type":"ImageObject","inLanguage":"it-IT","@id":"https://coffeelounge.delonghi.com/it/#/schema/logo/image/","url":"https://coffeelounge.delonghi.com/wp-content/uploads/2020/05/delonghi-coffee-lounge-logo-nederland.png","contentUrl":"https://coffeelounge.delonghi.com/wp-content/uploads/2020/05/delonghi-coffee-lounge-logo-nederland.png","width":2337,"height":724,"caption":"De'Longhi Coffee Lounge"},"image":{"@id":"https://coffeelounge.delonghi.com/it/#/schema/logo/image/"}}]}</script>
<!-- / Yoast SEO Premium plugin. -->

Caffè CERRADO 17/18 decaffeinato ad acqua | De&#039;Longhi

La grande tradizione brasiliana nella coltivazione e lavorazione del caffè si riconferma appieno con questa eccezionale varietà.
