{"id":212728,"date":"2022-07-20T09:20:02","date_gmt":"2022-07-20T09:20:02","guid":{"rendered":"https:\/\/coffeelounge.delonghi.com\/?post_type=discover&#038;p=212728"},"modified":"2022-07-20T10:03:31","modified_gmt":"2022-07-20T10:03:31","slug":"cafe-froid-tendance-a-trois-temps","status":"publish","type":"discover","link":"https:\/\/coffeelounge.delonghi.com\/fr\/actualites\/cafe-froid-tendance-a-trois-temps\/","title":{"rendered":"Caf\u00e9 froid : tendance \u00e0 trois temps"},"content":{"rendered":"<p>Avec le besoin de fra\u00eecheur qui s\u2019impose par temps de chaleur, les boissons froides prennent place. Le caf\u00e9 en profite pour sortir de ses gonds et offrir des alternatives vari\u00e9es. Objectif : faire baisser la temp\u00e9rature en tasse.<\/p>","protected":false},"author":5224,"featured_media":212751,"menu_order":0,"template":"","meta":{"_acf_changed":false,"footnotes":""},"discover_type":[180],"class_list":["post-212728","discover","type-discover","status-publish","has-post-thumbnail","hentry","discover_type-trends_and_lifestyle"],"acf":[],"yoast_head":"<!-- This site is optimized with the Yoast SEO Premium plugin v24.5 (Yoast SEO v24.5) - https:\/\/yoast.com\/wordpress\/plugins\/seo\/ -->\n<title>Caf\u00e9 froid : tendance \u00e0 trois temps | De&#039;Longhi<\/title>\n<meta name=\"robots\" content=\"index, follow, max-snippet:-1, max-image-preview:large, max-video-preview:-1\" \/>\n<meta name=\"twitter:card\" content=\"summary_large_image\" \/>\n<meta name=\"twitter:title\" content=\"Caf\u00e9 froid : tendance \u00e0 trois temps | De&#039;Longhi\" \/>\n<meta name=\"twitter:description\" content=\"Avec le besoin de fra\u00eecheur qui s\u2019impose par temps de chaleur, les boissons froides prennent place. Le caf\u00e9 en profite pour sortir de ses gonds et offrir des alternatives vari\u00e9es. Objectif : faire baisser la temp\u00e9rature en tasse.\" \/>\n<meta name=\"twitter:image\" content=\"https:\/\/coffeelounge.delonghi.com\/wp-content\/uploads\/2022\/07\/Iced-coffee-by-microgen.jpg\" \/>\n<script type=\"application\/ld+json\" class=\"yoast-schema-graph\">{\"@context\":\"https:\/\/schema.org\",\"@graph\":[{\"@type\":\"WebPage\",\"@id\":\"https:\/\/coffeelounge.delonghi.com\/fr\/actualites\/cafe-froid-tendance-a-trois-temps\/\",\"url\":\"https:\/\/coffeelounge.delonghi.com\/fr\/actualites\/cafe-froid-tendance-a-trois-temps\/\",\"name\":\"Caf\u00e9 froid : tendance \u00e0 trois temps | De&#039;Longhi\",\"isPartOf\":{\"@id\":\"https:\/\/coffeelounge.delonghi.com\/fr\/#website\"},\"primaryImageOfPage\":{\"@id\":\"https:\/\/coffeelounge.delonghi.com\/fr\/actualites\/cafe-froid-tendance-a-trois-temps\/#primaryimage\"},\"image\":{\"@id\":\"https:\/\/coffeelounge.delonghi.com\/fr\/actualites\/cafe-froid-tendance-a-trois-temps\/#primaryimage\"},\"thumbnailUrl\":\"https:\/\/coffeelounge.delonghi.com\/wp-content\/uploads\/2022\/07\/Iced-coffee-by-microgen.jpg\",\"datePublished\":\"2022-07-20T09:20:02+00:00\",\"dateModified\":\"2022-07-20T10:03:31+00:00\",\"breadcrumb\":{\"@id\":\"https:\/\/coffeelounge.delonghi.com\/fr\/actualites\/cafe-froid-tendance-a-trois-temps\/#breadcrumb\"},\"inLanguage\":\"fr-FR\",\"potentialAction\":[{\"@type\":\"ReadAction\",\"target\":[\"https:\/\/coffeelounge.delonghi.com\/fr\/actualites\/cafe-froid-tendance-a-trois-temps\/\"]}]},{\"@type\":\"ImageObject\",\"inLanguage\":\"fr-FR\",\"@id\":\"https:\/\/coffeelounge.delonghi.com\/fr\/actualites\/cafe-froid-tendance-a-trois-temps\/#primaryimage\",\"url\":\"https:\/\/coffeelounge.delonghi.com\/wp-content\/uploads\/2022\/07\/Iced-coffee-by-microgen.jpg\",\"contentUrl\":\"https:\/\/coffeelounge.delonghi.com\/wp-content\/uploads\/2022\/07\/Iced-coffee-by-microgen.jpg\",\"width\":2119,\"height\":1414,\"caption\":\"Hands of a barista pouring cold brew coffee over ice cubes\"},{\"@type\":\"BreadcrumbList\",\"@id\":\"https:\/\/coffeelounge.delonghi.com\/fr\/actualites\/cafe-froid-tendance-a-trois-temps\/#breadcrumb\",\"itemListElement\":[{\"@type\":\"ListItem\",\"position\":1,\"name\":\"Home\",\"item\":\"https:\/\/coffeelounge.delonghi.com\/fr\/\"},{\"@type\":\"ListItem\",\"position\":2,\"name\":\"Discover\",\"item\":\"https:\/\/coffeelounge.delonghi.com\/fr\/actualites\/\"},{\"@type\":\"ListItem\",\"position\":3,\"name\":\"Tendances &amp; mode de vie\",\"item\":\"https:\/\/coffeelounge.delonghi.com\/fr\/discoveries\/trends_and_lifestyle\/\"},{\"@type\":\"ListItem\",\"position\":4,\"name\":\"Caf\u00e9 froid : tendance \u00e0 trois temps\"}]},{\"@type\":\"WebSite\",\"@id\":\"https:\/\/coffeelounge.delonghi.com\/fr\/#website\",\"url\":\"https:\/\/coffeelounge.delonghi.com\/fr\/\",\"name\":\"De&#039;Longhi\",\"description\":\"Coffee Lounge\",\"publisher\":{\"@id\":\"https:\/\/coffeelounge.delonghi.com\/fr\/#organization\"},\"potentialAction\":[{\"@type\":\"SearchAction\",\"target\":{\"@type\":\"EntryPoint\",\"urlTemplate\":\"https:\/\/coffeelounge.delonghi.com\/fr\/?s={search_term_string}\"},\"query-input\":{\"@type\":\"PropertyValueSpecification\",\"valueRequired\":true,\"valueName\":\"search_term_string\"}}],\"inLanguage\":\"fr-FR\"},{\"@type\":\"Organization\",\"@id\":\"https:\/\/coffeelounge.delonghi.com\/fr\/#organization\",\"name\":\"De'Longhi Coffee Lounge\",\"url\":\"https:\/\/coffeelounge.delonghi.com\/fr\/\",\"logo\":{\"@type\":\"ImageObject\",\"inLanguage\":\"fr-FR\",\"@id\":\"https:\/\/coffeelounge.delonghi.com\/fr\/#\/schema\/logo\/image\/\",\"url\":\"https:\/\/coffeelounge.delonghi.com\/wp-content\/uploads\/2020\/05\/delonghi-coffee-lounge-logo-nederland.png\",\"contentUrl\":\"https:\/\/coffeelounge.delonghi.com\/wp-content\/uploads\/2020\/05\/delonghi-coffee-lounge-logo-nederland.png\",\"width\":2337,\"height\":724,\"caption\":\"De'Longhi Coffee Lounge\"},\"image\":{\"@id\":\"https:\/\/coffeelounge.delonghi.com\/fr\/#\/schema\/logo\/image\/\"}}]}<\/script>\n<!-- \/ Yoast SEO Premium plugin. -->","yoast_head_json":{"title":"Caf\u00e9 froid : tendance \u00e0 trois temps | De&#039;Longhi","robots":{"index":"index","follow":"follow","max-snippet":"max-snippet:-1","max-image-preview":"max-image-preview:large","max-video-preview":"max-video-preview:-1"},"twitter_card":"summary_large_image","twitter_title":"Caf\u00e9 froid : tendance \u00e0 trois temps | De&#039;Longhi","twitter_description":"Avec le besoin de fra\u00eecheur qui s\u2019impose par temps de chaleur, les boissons froides prennent place. Le caf\u00e9 en profite pour sortir de ses gonds et offrir des alternatives vari\u00e9es. Objectif : faire baisser la temp\u00e9rature en tasse.","twitter_image":"https:\/\/coffeelounge.delonghi.com\/wp-content\/uploads\/2022\/07\/Iced-coffee-by-microgen.jpg","schema":{"@context":"https:\/\/schema.org","@graph":[{"@type":"WebPage","@id":"https:\/\/coffeelounge.delonghi.com\/fr\/actualites\/cafe-froid-tendance-a-trois-temps\/","url":"https:\/\/coffeelounge.delonghi.com\/fr\/actualites\/cafe-froid-tendance-a-trois-temps\/","name":"Caf\u00e9 froid : tendance \u00e0 trois temps | De&#039;Longhi","isPartOf":{"@id":"https:\/\/coffeelounge.delonghi.com\/fr\/#website"},"primaryImageOfPage":{"@id":"https:\/\/coffeelounge.delonghi.com\/fr\/actualites\/cafe-froid-tendance-a-trois-temps\/#primaryimage"},"image":{"@id":"https:\/\/coffeelounge.delonghi.com\/fr\/actualites\/cafe-froid-tendance-a-trois-temps\/#primaryimage"},"thumbnailUrl":"https:\/\/coffeelounge.delonghi.com\/wp-content\/uploads\/2022\/07\/Iced-coffee-by-microgen.jpg","datePublished":"2022-07-20T09:20:02+00:00","dateModified":"2022-07-20T10:03:31+00:00","breadcrumb":{"@id":"https:\/\/coffeelounge.delonghi.com\/fr\/actualites\/cafe-froid-tendance-a-trois-temps\/#breadcrumb"},"inLanguage":"fr-FR","potentialAction":[{"@type":"ReadAction","target":["https:\/\/coffeelounge.delonghi.com\/fr\/actualites\/cafe-froid-tendance-a-trois-temps\/"]}]},{"@type":"ImageObject","inLanguage":"fr-FR","@id":"https:\/\/coffeelounge.delonghi.com\/fr\/actualites\/cafe-froid-tendance-a-trois-temps\/#primaryimage","url":"https:\/\/coffeelounge.delonghi.com\/wp-content\/uploads\/2022\/07\/Iced-coffee-by-microgen.jpg","contentUrl":"https:\/\/coffeelounge.delonghi.com\/wp-content\/uploads\/2022\/07\/Iced-coffee-by-microgen.jpg","width":2119,"height":1414,"caption":"Hands of a barista pouring cold brew coffee over ice cubes"},{"@type":"BreadcrumbList","@id":"https:\/\/coffeelounge.delonghi.com\/fr\/actualites\/cafe-froid-tendance-a-trois-temps\/#breadcrumb","itemListElement":[{"@type":"ListItem","position":1,"name":"Home","item":"https:\/\/coffeelounge.delonghi.com\/fr\/"},{"@type":"ListItem","position":2,"name":"Discover","item":"https:\/\/coffeelounge.delonghi.com\/fr\/actualites\/"},{"@type":"ListItem","position":3,"name":"Tendances &amp; mode de vie","item":"https:\/\/coffeelounge.delonghi.com\/fr\/discoveries\/trends_and_lifestyle\/"},{"@type":"ListItem","position":4,"name":"Caf\u00e9 froid : tendance \u00e0 trois temps"}]},{"@type":"WebSite","@id":"https:\/\/coffeelounge.delonghi.com\/fr\/#website","url":"https:\/\/coffeelounge.delonghi.com\/fr\/","name":"De&#039;Longhi","description":"Coffee Lounge","publisher":{"@id":"https:\/\/coffeelounge.delonghi.com\/fr\/#organization"},"potentialAction":[{"@type":"SearchAction","target":{"@type":"EntryPoint","urlTemplate":"https:\/\/coffeelounge.delonghi.com\/fr\/?s={search_term_string}"},"query-input":{"@type":"PropertyValueSpecification","valueRequired":true,"valueName":"search_term_string"}}],"inLanguage":"fr-FR"},{"@type":"Organization","@id":"https:\/\/coffeelounge.delonghi.com\/fr\/#organization","name":"De'Longhi Coffee Lounge","url":"https:\/\/coffeelounge.delonghi.com\/fr\/","logo":{"@type":"ImageObject","inLanguage":"fr-FR","@id":"https:\/\/coffeelounge.delonghi.com\/fr\/#\/schema\/logo\/image\/","url":"https:\/\/coffeelounge.delonghi.com\/wp-content\/uploads\/2020\/05\/delonghi-coffee-lounge-logo-nederland.png","contentUrl":"https:\/\/coffeelounge.delonghi.com\/wp-content\/uploads\/2020\/05\/delonghi-coffee-lounge-logo-nederland.png","width":2337,"height":724,"caption":"De'Longhi Coffee Lounge"},"image":{"@id":"https:\/\/coffeelounge.delonghi.com\/fr\/#\/schema\/logo\/image\/"}}]}},"_links":{"self":[{"href":"https:\/\/coffeelounge.delonghi.com\/fr\/wp-json\/wp\/v2\/discover\/212728","targetHints":{"allow":["GET"]}}],"collection":[{"href":"https:\/\/coffeelounge.delonghi.com\/fr\/wp-json\/wp\/v2\/discover"}],"about":[{"href":"https:\/\/coffeelounge.delonghi.com\/fr\/wp-json\/wp\/v2\/types\/discover"}],"author":[{"embeddable":true,"href":"https:\/\/coffeelounge.delonghi.com\/fr\/wp-json\/wp\/v2\/users\/5224"}],"version-history":[{"count":0,"href":"https:\/\/coffeelounge.delonghi.com\/fr\/wp-json\/wp\/v2\/discover\/212728\/revisions"}],"wp:featuredmedia":[{"embeddable":true,"href":"https:\/\/coffeelounge.delonghi.com\/fr\/wp-json\/wp\/v2\/media\/212751"}],"wp:attachment":[{"href":"https:\/\/coffeelounge.delonghi.com\/fr\/wp-json\/wp\/v2\/media?parent=212728"}],"wp:term":[{"taxonomy":"discover_type","embeddable":true,"href":"https:\/\/coffeelounge.delonghi.com\/fr\/wp-json\/wp\/v2\/discover_type?post=212728"}],"curies":[{"name":"wp","href":"https:\/\/api.w.org\/{rel}","templated":true}]}}

Café froid : tendance à trois temps

<p>Avec le besoin de fraîcheur qui s’impose par temps de chaleur, les boissons froides prennent place. Le café en profite pour sortir de ses gonds et offrir des alternatives variées. Objectif : faire baisser la température en tasse.</p>

<!-- This site is optimized with the Yoast SEO Premium plugin v24.5 (Yoast SEO v24.5) - https://yoast.com/wordpress/plugins/seo/ -->
<title>Café froid : tendance à trois temps | De&#039;Longhi</title>
<meta name="robots" content="index, follow, max-snippet:-1, max-image-preview:large, max-video-preview:-1" />
<meta name="twitter:card" content="summary_large_image" />
<meta name="twitter:title" content="Café froid : tendance à trois temps | De&#039;Longhi" />
<meta name="twitter:description" content="Avec le besoin de fraîcheur qui s’impose par temps de chaleur, les boissons froides prennent place. Le café en profite pour sortir de ses gonds et offrir des alternatives variées. Objectif : faire baisser la température en tasse." />
<meta name="twitter:image" content="https://coffeelounge.delonghi.com/wp-content/uploads/2022/07/Iced-coffee-by-microgen.jpg" />
<script type="application/ld+json" class="yoast-schema-graph">{"@context":"https://schema.org","@graph":[{"@type":"WebPage","@id":"https://coffeelounge.delonghi.com/fr/actualites/cafe-froid-tendance-a-trois-temps/","url":"https://coffeelounge.delonghi.com/fr/actualites/cafe-froid-tendance-a-trois-temps/","name":"Café froid : tendance à trois temps | De&#039;Longhi","isPartOf":{"@id":"https://coffeelounge.delonghi.com/fr/#website"},"primaryImageOfPage":{"@id":"https://coffeelounge.delonghi.com/fr/actualites/cafe-froid-tendance-a-trois-temps/#primaryimage"},"image":{"@id":"https://coffeelounge.delonghi.com/fr/actualites/cafe-froid-tendance-a-trois-temps/#primaryimage"},"thumbnailUrl":"https://coffeelounge.delonghi.com/wp-content/uploads/2022/07/Iced-coffee-by-microgen.jpg","datePublished":"2022-07-20T09:20:02+00:00","dateModified":"2022-07-20T10:03:31+00:00","breadcrumb":{"@id":"https://coffeelounge.delonghi.com/fr/actualites/cafe-froid-tendance-a-trois-temps/#breadcrumb"},"inLanguage":"fr-FR","potentialAction":[{"@type":"ReadAction","target":["https://coffeelounge.delonghi.com/fr/actualites/cafe-froid-tendance-a-trois-temps/"]}]},{"@type":"ImageObject","inLanguage":"fr-FR","@id":"https://coffeelounge.delonghi.com/fr/actualites/cafe-froid-tendance-a-trois-temps/#primaryimage","url":"https://coffeelounge.delonghi.com/wp-content/uploads/2022/07/Iced-coffee-by-microgen.jpg","contentUrl":"https://coffeelounge.delonghi.com/wp-content/uploads/2022/07/Iced-coffee-by-microgen.jpg","width":2119,"height":1414,"caption":"Hands of a barista pouring cold brew coffee over ice cubes"},{"@type":"BreadcrumbList","@id":"https://coffeelounge.delonghi.com/fr/actualites/cafe-froid-tendance-a-trois-temps/#breadcrumb","itemListElement":[{"@type":"ListItem","position":1,"name":"Home","item":"https://coffeelounge.delonghi.com/fr/"},{"@type":"ListItem","position":2,"name":"Discover","item":"https://coffeelounge.delonghi.com/fr/actualites/"},{"@type":"ListItem","position":3,"name":"Tendances &amp; mode de vie","item":"https://coffeelounge.delonghi.com/fr/discoveries/trends_and_lifestyle/"},{"@type":"ListItem","position":4,"name":"Café froid : tendance à trois temps"}]},{"@type":"WebSite","@id":"https://coffeelounge.delonghi.com/fr/#website","url":"https://coffeelounge.delonghi.com/fr/","name":"De&#039;Longhi","description":"Coffee Lounge","publisher":{"@id":"https://coffeelounge.delonghi.com/fr/#organization"},"potentialAction":[{"@type":"SearchAction","target":{"@type":"EntryPoint","urlTemplate":"https://coffeelounge.delonghi.com/fr/?s={search_term_string}"},"query-input":{"@type":"PropertyValueSpecification","valueRequired":true,"valueName":"search_term_string"}}],"inLanguage":"fr-FR"},{"@type":"Organization","@id":"https://coffeelounge.delonghi.com/fr/#organization","name":"De'Longhi Coffee Lounge","url":"https://coffeelounge.delonghi.com/fr/","logo":{"@type":"ImageObject","inLanguage":"fr-FR","@id":"https://coffeelounge.delonghi.com/fr/#/schema/logo/image/","url":"https://coffeelounge.delonghi.com/wp-content/uploads/2020/05/delonghi-coffee-lounge-logo-nederland.png","contentUrl":"https://coffeelounge.delonghi.com/wp-content/uploads/2020/05/delonghi-coffee-lounge-logo-nederland.png","width":2337,"height":724,"caption":"De'Longhi Coffee Lounge"},"image":{"@id":"https://coffeelounge.delonghi.com/fr/#/schema/logo/image/"}}]}</script>
<!-- / Yoast SEO Premium plugin. -->

Café froid : tendance à trois temps | De&#039;Longhi

Avec le besoin de fraîcheur qui s’impose par temps de chaleur, les boissons froides prennent place. Le café en profite pour sortir de ses gonds et offrir des alternatives variées. Objectif : faire baisser la température en tasse.
