{"id":205284,"date":"2022-06-28T15:14:45","date_gmt":"2022-06-28T15:14:45","guid":{"rendered":"https:\/\/coffeelounge.delonghi.com\/?post_type=discover&#038;p=205284"},"modified":"2022-06-28T15:14:50","modified_gmt":"2022-06-28T15:14:50","slug":"un-cafe-aux-saveurs-tropicales","status":"publish","type":"discover","link":"https:\/\/coffeelounge.delonghi.com\/fr-be\/discover\/un-cafe-aux-saveurs-tropicales\/","title":{"rendered":"Un caf\u00e9 aux saveurs tropicales"},"content":{"rendered":"<p>Le caramel, les noix et le chocolat noir ne sont que quelques-unes des saveurs caract\u00e9ristiques que l&#8217;on retrouve dans une tasse de caf\u00e9 classique. Le caf\u00e9 peut \u00e9galement inclure des nuances alternatives avec de l&#8217;acidit\u00e9 et des saveurs tropicales. Pensez mangue, agrumes, papaye et ananas &#8211; pas besoin de sirop !<\/p>","protected":false},"author":7860,"featured_media":205287,"menu_order":0,"template":"","meta":{"_acf_changed":false,"footnotes":""},"discover_type":[713],"class_list":["post-205284","discover","type-discover","status-publish","has-post-thumbnail","hentry","discover_type-la-culture-du-grain-de-cafe"],"acf":[],"yoast_head":"<!-- This site is optimized with the Yoast SEO Premium plugin v24.5 (Yoast SEO v24.5) - https:\/\/yoast.com\/wordpress\/plugins\/seo\/ -->\n<title>Un caf\u00e9 aux saveurs tropicales | De&#039;Longhi<\/title>\n<meta name=\"description\" content=\"Le caramel, les noix et le chocolat noir ne sont que quelques-unes des saveurs caract\u00e9ristiques que l&#039;on retrouve dans une tasse de caf\u00e9 classique.\" \/>\n<meta name=\"robots\" content=\"index, follow, max-snippet:-1, max-image-preview:large, max-video-preview:-1\" \/>\n<meta name=\"twitter:card\" content=\"summary_large_image\" \/>\n<meta name=\"twitter:title\" content=\"Un caf\u00e9 aux saveurs tropicales | De&#039;Longhi\" \/>\n<meta name=\"twitter:description\" content=\"Le caramel, les noix et le chocolat noir ne sont que quelques-unes des saveurs caract\u00e9ristiques que l&#039;on retrouve dans une tasse de caf\u00e9 classique.\" \/>\n<meta name=\"twitter:image\" content=\"https:\/\/coffeelounge.delonghi.com\/wp-content\/uploads\/2022\/06\/9_Get-caffeinated-with-a-tropical-taste-3-scaled.jpg\" \/>\n<script type=\"application\/ld+json\" class=\"yoast-schema-graph\">{\"@context\":\"https:\/\/schema.org\",\"@graph\":[{\"@type\":\"WebPage\",\"@id\":\"https:\/\/coffeelounge.delonghi.com\/fr-be\/discover\/un-cafe-aux-saveurs-tropicales\/\",\"url\":\"https:\/\/coffeelounge.delonghi.com\/fr-be\/discover\/un-cafe-aux-saveurs-tropicales\/\",\"name\":\"Un caf\u00e9 aux saveurs tropicales | De&#039;Longhi\",\"isPartOf\":{\"@id\":\"https:\/\/coffeelounge.delonghi.com\/fr-be\/#website\"},\"primaryImageOfPage\":{\"@id\":\"https:\/\/coffeelounge.delonghi.com\/fr-be\/discover\/un-cafe-aux-saveurs-tropicales\/#primaryimage\"},\"image\":{\"@id\":\"https:\/\/coffeelounge.delonghi.com\/fr-be\/discover\/un-cafe-aux-saveurs-tropicales\/#primaryimage\"},\"thumbnailUrl\":\"https:\/\/coffeelounge.delonghi.com\/wp-content\/uploads\/2022\/06\/9_Get-caffeinated-with-a-tropical-taste-3-scaled.jpg\",\"datePublished\":\"2022-06-28T15:14:45+00:00\",\"dateModified\":\"2022-06-28T15:14:50+00:00\",\"description\":\"Le caramel, les noix et le chocolat noir ne sont que quelques-unes des saveurs caract\u00e9ristiques que l'on retrouve dans une tasse de caf\u00e9 classique.\",\"breadcrumb\":{\"@id\":\"https:\/\/coffeelounge.delonghi.com\/fr-be\/discover\/un-cafe-aux-saveurs-tropicales\/#breadcrumb\"},\"inLanguage\":\"fr-be\",\"potentialAction\":[{\"@type\":\"ReadAction\",\"target\":[\"https:\/\/coffeelounge.delonghi.com\/fr-be\/discover\/un-cafe-aux-saveurs-tropicales\/\"]}]},{\"@type\":\"ImageObject\",\"inLanguage\":\"fr-be\",\"@id\":\"https:\/\/coffeelounge.delonghi.com\/fr-be\/discover\/un-cafe-aux-saveurs-tropicales\/#primaryimage\",\"url\":\"https:\/\/coffeelounge.delonghi.com\/wp-content\/uploads\/2022\/06\/9_Get-caffeinated-with-a-tropical-taste-3-scaled.jpg\",\"contentUrl\":\"https:\/\/coffeelounge.delonghi.com\/wp-content\/uploads\/2022\/06\/9_Get-caffeinated-with-a-tropical-taste-3-scaled.jpg\",\"width\":2560,\"height\":1707,\"caption\":\"Young tourist woman sitting by the table, having morning coffee in Ubud, on the island of Bali, Indonesia.\"},{\"@type\":\"BreadcrumbList\",\"@id\":\"https:\/\/coffeelounge.delonghi.com\/fr-be\/discover\/un-cafe-aux-saveurs-tropicales\/#breadcrumb\",\"itemListElement\":[{\"@type\":\"ListItem\",\"position\":1,\"name\":\"Home\",\"item\":\"https:\/\/coffeelounge.delonghi.com\/fr-be\/\"},{\"@type\":\"ListItem\",\"position\":2,\"name\":\"Discover\",\"item\":\"https:\/\/coffeelounge.delonghi.com\/fr-be\/discover\/\"},{\"@type\":\"ListItem\",\"position\":3,\"name\":\"La culture du grain de caf\u00e9\",\"item\":\"https:\/\/coffeelounge.delonghi.com\/fr-be\/discoveries\/la-culture-du-grain-de-cafe\/\"},{\"@type\":\"ListItem\",\"position\":4,\"name\":\"Un caf\u00e9 aux saveurs tropicales\"}]},{\"@type\":\"WebSite\",\"@id\":\"https:\/\/coffeelounge.delonghi.com\/fr-be\/#website\",\"url\":\"https:\/\/coffeelounge.delonghi.com\/fr-be\/\",\"name\":\"De&#039;Longhi\",\"description\":\"Coffee Lounge\",\"publisher\":{\"@id\":\"https:\/\/coffeelounge.delonghi.com\/fr-be\/#organization\"},\"potentialAction\":[{\"@type\":\"SearchAction\",\"target\":{\"@type\":\"EntryPoint\",\"urlTemplate\":\"https:\/\/coffeelounge.delonghi.com\/fr-be\/?s={search_term_string}\"},\"query-input\":{\"@type\":\"PropertyValueSpecification\",\"valueRequired\":true,\"valueName\":\"search_term_string\"}}],\"inLanguage\":\"fr-be\"},{\"@type\":\"Organization\",\"@id\":\"https:\/\/coffeelounge.delonghi.com\/fr-be\/#organization\",\"name\":\"De'Longhi Coffee Lounge\",\"url\":\"https:\/\/coffeelounge.delonghi.com\/fr-be\/\",\"logo\":{\"@type\":\"ImageObject\",\"inLanguage\":\"fr-be\",\"@id\":\"https:\/\/coffeelounge.delonghi.com\/fr-be\/#\/schema\/logo\/image\/\",\"url\":\"https:\/\/coffeelounge.delonghi.com\/wp-content\/uploads\/2020\/05\/delonghi-coffee-lounge-logo-nederland.png\",\"contentUrl\":\"https:\/\/coffeelounge.delonghi.com\/wp-content\/uploads\/2020\/05\/delonghi-coffee-lounge-logo-nederland.png\",\"width\":2337,\"height\":724,\"caption\":\"De'Longhi Coffee Lounge\"},\"image\":{\"@id\":\"https:\/\/coffeelounge.delonghi.com\/fr-be\/#\/schema\/logo\/image\/\"}}]}<\/script>\n<!-- \/ Yoast SEO Premium plugin. -->","yoast_head_json":{"title":"Un caf\u00e9 aux saveurs tropicales | De&#039;Longhi","description":"Le caramel, les noix et le chocolat noir ne sont que quelques-unes des saveurs caract\u00e9ristiques que l'on retrouve dans une tasse de caf\u00e9 classique.","robots":{"index":"index","follow":"follow","max-snippet":"max-snippet:-1","max-image-preview":"max-image-preview:large","max-video-preview":"max-video-preview:-1"},"twitter_card":"summary_large_image","twitter_title":"Un caf\u00e9 aux saveurs tropicales | De&#039;Longhi","twitter_description":"Le caramel, les noix et le chocolat noir ne sont que quelques-unes des saveurs caract\u00e9ristiques que l'on retrouve dans une tasse de caf\u00e9 classique.","twitter_image":"https:\/\/coffeelounge.delonghi.com\/wp-content\/uploads\/2022\/06\/9_Get-caffeinated-with-a-tropical-taste-3-scaled.jpg","schema":{"@context":"https:\/\/schema.org","@graph":[{"@type":"WebPage","@id":"https:\/\/coffeelounge.delonghi.com\/fr-be\/discover\/un-cafe-aux-saveurs-tropicales\/","url":"https:\/\/coffeelounge.delonghi.com\/fr-be\/discover\/un-cafe-aux-saveurs-tropicales\/","name":"Un caf\u00e9 aux saveurs tropicales | De&#039;Longhi","isPartOf":{"@id":"https:\/\/coffeelounge.delonghi.com\/fr-be\/#website"},"primaryImageOfPage":{"@id":"https:\/\/coffeelounge.delonghi.com\/fr-be\/discover\/un-cafe-aux-saveurs-tropicales\/#primaryimage"},"image":{"@id":"https:\/\/coffeelounge.delonghi.com\/fr-be\/discover\/un-cafe-aux-saveurs-tropicales\/#primaryimage"},"thumbnailUrl":"https:\/\/coffeelounge.delonghi.com\/wp-content\/uploads\/2022\/06\/9_Get-caffeinated-with-a-tropical-taste-3-scaled.jpg","datePublished":"2022-06-28T15:14:45+00:00","dateModified":"2022-06-28T15:14:50+00:00","description":"Le caramel, les noix et le chocolat noir ne sont que quelques-unes des saveurs caract\u00e9ristiques que l'on retrouve dans une tasse de caf\u00e9 classique.","breadcrumb":{"@id":"https:\/\/coffeelounge.delonghi.com\/fr-be\/discover\/un-cafe-aux-saveurs-tropicales\/#breadcrumb"},"inLanguage":"fr-be","potentialAction":[{"@type":"ReadAction","target":["https:\/\/coffeelounge.delonghi.com\/fr-be\/discover\/un-cafe-aux-saveurs-tropicales\/"]}]},{"@type":"ImageObject","inLanguage":"fr-be","@id":"https:\/\/coffeelounge.delonghi.com\/fr-be\/discover\/un-cafe-aux-saveurs-tropicales\/#primaryimage","url":"https:\/\/coffeelounge.delonghi.com\/wp-content\/uploads\/2022\/06\/9_Get-caffeinated-with-a-tropical-taste-3-scaled.jpg","contentUrl":"https:\/\/coffeelounge.delonghi.com\/wp-content\/uploads\/2022\/06\/9_Get-caffeinated-with-a-tropical-taste-3-scaled.jpg","width":2560,"height":1707,"caption":"Young tourist woman sitting by the table, having morning coffee in Ubud, on the island of Bali, Indonesia."},{"@type":"BreadcrumbList","@id":"https:\/\/coffeelounge.delonghi.com\/fr-be\/discover\/un-cafe-aux-saveurs-tropicales\/#breadcrumb","itemListElement":[{"@type":"ListItem","position":1,"name":"Home","item":"https:\/\/coffeelounge.delonghi.com\/fr-be\/"},{"@type":"ListItem","position":2,"name":"Discover","item":"https:\/\/coffeelounge.delonghi.com\/fr-be\/discover\/"},{"@type":"ListItem","position":3,"name":"La culture du grain de caf\u00e9","item":"https:\/\/coffeelounge.delonghi.com\/fr-be\/discoveries\/la-culture-du-grain-de-cafe\/"},{"@type":"ListItem","position":4,"name":"Un caf\u00e9 aux saveurs tropicales"}]},{"@type":"WebSite","@id":"https:\/\/coffeelounge.delonghi.com\/fr-be\/#website","url":"https:\/\/coffeelounge.delonghi.com\/fr-be\/","name":"De&#039;Longhi","description":"Coffee Lounge","publisher":{"@id":"https:\/\/coffeelounge.delonghi.com\/fr-be\/#organization"},"potentialAction":[{"@type":"SearchAction","target":{"@type":"EntryPoint","urlTemplate":"https:\/\/coffeelounge.delonghi.com\/fr-be\/?s={search_term_string}"},"query-input":{"@type":"PropertyValueSpecification","valueRequired":true,"valueName":"search_term_string"}}],"inLanguage":"fr-be"},{"@type":"Organization","@id":"https:\/\/coffeelounge.delonghi.com\/fr-be\/#organization","name":"De'Longhi Coffee Lounge","url":"https:\/\/coffeelounge.delonghi.com\/fr-be\/","logo":{"@type":"ImageObject","inLanguage":"fr-be","@id":"https:\/\/coffeelounge.delonghi.com\/fr-be\/#\/schema\/logo\/image\/","url":"https:\/\/coffeelounge.delonghi.com\/wp-content\/uploads\/2020\/05\/delonghi-coffee-lounge-logo-nederland.png","contentUrl":"https:\/\/coffeelounge.delonghi.com\/wp-content\/uploads\/2020\/05\/delonghi-coffee-lounge-logo-nederland.png","width":2337,"height":724,"caption":"De'Longhi Coffee Lounge"},"image":{"@id":"https:\/\/coffeelounge.delonghi.com\/fr-be\/#\/schema\/logo\/image\/"}}]}},"_links":{"self":[{"href":"https:\/\/coffeelounge.delonghi.com\/fr-be\/wp-json\/wp\/v2\/discover\/205284","targetHints":{"allow":["GET"]}}],"collection":[{"href":"https:\/\/coffeelounge.delonghi.com\/fr-be\/wp-json\/wp\/v2\/discover"}],"about":[{"href":"https:\/\/coffeelounge.delonghi.com\/fr-be\/wp-json\/wp\/v2\/types\/discover"}],"author":[{"embeddable":true,"href":"https:\/\/coffeelounge.delonghi.com\/fr-be\/wp-json\/wp\/v2\/users\/7860"}],"version-history":[{"count":0,"href":"https:\/\/coffeelounge.delonghi.com\/fr-be\/wp-json\/wp\/v2\/discover\/205284\/revisions"}],"wp:featuredmedia":[{"embeddable":true,"href":"https:\/\/coffeelounge.delonghi.com\/fr-be\/wp-json\/wp\/v2\/media\/205287"}],"wp:attachment":[{"href":"https:\/\/coffeelounge.delonghi.com\/fr-be\/wp-json\/wp\/v2\/media?parent=205284"}],"wp:term":[{"taxonomy":"discover_type","embeddable":true,"href":"https:\/\/coffeelounge.delonghi.com\/fr-be\/wp-json\/wp\/v2\/discover_type?post=205284"}],"curies":[{"name":"wp","href":"https:\/\/api.w.org\/{rel}","templated":true}]}}

Un café aux saveurs tropicales

<p>Le caramel, les noix et le chocolat noir ne sont que quelques-unes des saveurs caractéristiques que l&#8217;on retrouve dans une tasse de café classique. Le café peut également inclure des nuances alternatives avec de l&#8217;acidité et des saveurs tropicales. Pensez mangue, agrumes, papaye et ananas &#8211; pas besoin de sirop !</p>

<!-- This site is optimized with the Yoast SEO Premium plugin v24.5 (Yoast SEO v24.5) - https://yoast.com/wordpress/plugins/seo/ -->
<title>Un café aux saveurs tropicales | De&#039;Longhi</title>
<meta name="description" content="Le caramel, les noix et le chocolat noir ne sont que quelques-unes des saveurs caractéristiques que l&#039;on retrouve dans une tasse de café classique." />
<meta name="robots" content="index, follow, max-snippet:-1, max-image-preview:large, max-video-preview:-1" />
<meta name="twitter:card" content="summary_large_image" />
<meta name="twitter:title" content="Un café aux saveurs tropicales | De&#039;Longhi" />
<meta name="twitter:description" content="Le caramel, les noix et le chocolat noir ne sont que quelques-unes des saveurs caractéristiques que l&#039;on retrouve dans une tasse de café classique." />
<meta name="twitter:image" content="https://coffeelounge.delonghi.com/wp-content/uploads/2022/06/9_Get-caffeinated-with-a-tropical-taste-3-scaled.jpg" />
<script type="application/ld+json" class="yoast-schema-graph">{"@context":"https://schema.org","@graph":[{"@type":"WebPage","@id":"https://coffeelounge.delonghi.com/fr-be/discover/un-cafe-aux-saveurs-tropicales/","url":"https://coffeelounge.delonghi.com/fr-be/discover/un-cafe-aux-saveurs-tropicales/","name":"Un café aux saveurs tropicales | De&#039;Longhi","isPartOf":{"@id":"https://coffeelounge.delonghi.com/fr-be/#website"},"primaryImageOfPage":{"@id":"https://coffeelounge.delonghi.com/fr-be/discover/un-cafe-aux-saveurs-tropicales/#primaryimage"},"image":{"@id":"https://coffeelounge.delonghi.com/fr-be/discover/un-cafe-aux-saveurs-tropicales/#primaryimage"},"thumbnailUrl":"https://coffeelounge.delonghi.com/wp-content/uploads/2022/06/9_Get-caffeinated-with-a-tropical-taste-3-scaled.jpg","datePublished":"2022-06-28T15:14:45+00:00","dateModified":"2022-06-28T15:14:50+00:00","description":"Le caramel, les noix et le chocolat noir ne sont que quelques-unes des saveurs caractéristiques que l'on retrouve dans une tasse de café classique.","breadcrumb":{"@id":"https://coffeelounge.delonghi.com/fr-be/discover/un-cafe-aux-saveurs-tropicales/#breadcrumb"},"inLanguage":"fr-be","potentialAction":[{"@type":"ReadAction","target":["https://coffeelounge.delonghi.com/fr-be/discover/un-cafe-aux-saveurs-tropicales/"]}]},{"@type":"ImageObject","inLanguage":"fr-be","@id":"https://coffeelounge.delonghi.com/fr-be/discover/un-cafe-aux-saveurs-tropicales/#primaryimage","url":"https://coffeelounge.delonghi.com/wp-content/uploads/2022/06/9_Get-caffeinated-with-a-tropical-taste-3-scaled.jpg","contentUrl":"https://coffeelounge.delonghi.com/wp-content/uploads/2022/06/9_Get-caffeinated-with-a-tropical-taste-3-scaled.jpg","width":2560,"height":1707,"caption":"Young tourist woman sitting by the table, having morning coffee in Ubud, on the island of Bali, Indonesia."},{"@type":"BreadcrumbList","@id":"https://coffeelounge.delonghi.com/fr-be/discover/un-cafe-aux-saveurs-tropicales/#breadcrumb","itemListElement":[{"@type":"ListItem","position":1,"name":"Home","item":"https://coffeelounge.delonghi.com/fr-be/"},{"@type":"ListItem","position":2,"name":"Discover","item":"https://coffeelounge.delonghi.com/fr-be/discover/"},{"@type":"ListItem","position":3,"name":"La culture du grain de café","item":"https://coffeelounge.delonghi.com/fr-be/discoveries/la-culture-du-grain-de-cafe/"},{"@type":"ListItem","position":4,"name":"Un café aux saveurs tropicales"}]},{"@type":"WebSite","@id":"https://coffeelounge.delonghi.com/fr-be/#website","url":"https://coffeelounge.delonghi.com/fr-be/","name":"De&#039;Longhi","description":"Coffee Lounge","publisher":{"@id":"https://coffeelounge.delonghi.com/fr-be/#organization"},"potentialAction":[{"@type":"SearchAction","target":{"@type":"EntryPoint","urlTemplate":"https://coffeelounge.delonghi.com/fr-be/?s={search_term_string}"},"query-input":{"@type":"PropertyValueSpecification","valueRequired":true,"valueName":"search_term_string"}}],"inLanguage":"fr-be"},{"@type":"Organization","@id":"https://coffeelounge.delonghi.com/fr-be/#organization","name":"De'Longhi Coffee Lounge","url":"https://coffeelounge.delonghi.com/fr-be/","logo":{"@type":"ImageObject","inLanguage":"fr-be","@id":"https://coffeelounge.delonghi.com/fr-be/#/schema/logo/image/","url":"https://coffeelounge.delonghi.com/wp-content/uploads/2020/05/delonghi-coffee-lounge-logo-nederland.png","contentUrl":"https://coffeelounge.delonghi.com/wp-content/uploads/2020/05/delonghi-coffee-lounge-logo-nederland.png","width":2337,"height":724,"caption":"De'Longhi Coffee Lounge"},"image":{"@id":"https://coffeelounge.delonghi.com/fr-be/#/schema/logo/image/"}}]}</script>
<!-- / Yoast SEO Premium plugin. -->

Un café aux saveurs tropicales | De&#039;Longhi

Le caramel, les noix et le chocolat noir ne sont que quelques-unes des saveurs caractéristiques que l'on retrouve dans une tasse de café classique.

La culture du grain de café
