{"id":187611,"date":"2022-05-19T08:42:43","date_gmt":"2022-05-19T08:42:43","guid":{"rendered":"https:\/\/coffeelounge.delonghi.com\/?post_type=product&#038;p=187611"},"modified":"2024-03-04T13:31:33","modified_gmt":"2024-03-04T13:31:33","slug":"colombia-ecologico","status":"publish","type":"product","link":"https:\/\/coffeelounge.delonghi.com\/es-es\/product\/colombia-ecologico\/","title":{"rendered":"Colombia Ecol\u00f3gico"},"content":{"rendered":"<p>Este premiado caf\u00e9 de Origen est\u00e1 elaborado a partir de grano 100% ar\u00e1bica proveniente de Colombia. Destaca su producci\u00f3n Ecol\u00f3gica certificada, evitando el uso de plaguicidas y fertilizantes qu\u00edmicos, fomentando y cuidando la biodiversidad y, en definitiva, protegiendo el medio ambiente. El caf\u00e9 resultante es muy equilibrado, con buena intensidad arom\u00e1tica. En boca deja sensaciones florales y a caramelo, en un final suave y dulce. Nuestro Colombia Ecol\u00f3gico ha sido premiado con la Medalla de Oro en el International Coffee Tasting de 2019.<\/p>\n","protected":false},"excerpt":{"rendered":"<p>Este premiado caf\u00e9 de Origen est\u00e1 elaborado a partir de grano 100% ar\u00e1bica proveniente de Colombia. Destaca su producci\u00f3n Ecol\u00f3gica certificada, evitando el uso de plaguicidas y fertilizantes qu\u00edmicos, fomentando y cuidando la biodiversidad y, en definitiva, protegiendo el medio ambiente. El caf\u00e9 resultante es muy equilibrado, con buena intensidad arom\u00e1tica. En boca deja sensaciones florales y a caramelo, en un final suave y dulce. Nuestro Colombia Ecol\u00f3gico ha sido premiado con la Medalla de Oro en el International Coffee Tasting de 2019.<\/p>\n","protected":false},"featured_media":418999,"comment_status":"closed","ping_status":"closed","template":"","meta":{"_acf_changed":false},"product_cat":[691,689],"product_tag":[],"class_list":{"0":"post-187611","1":"product","2":"type-product","3":"status-publish","4":"has-post-thumbnail","6":"product_cat-origen-unico","7":"product_cat-todos-los-cafes","9":"first","10":"instock","11":"taxable","12":"shipping-taxable","13":"purchasable","14":"product-type-variable"},"acf":[],"yoast_head":"<!-- This site is optimized with the Yoast SEO Premium plugin v24.5 (Yoast SEO v24.5) - https:\/\/yoast.com\/wordpress\/plugins\/seo\/ -->\n<title>Colombia Ecol\u00f3gico Caf\u00e9 Dromedario | Coffee Lounge ES<\/title>\n<meta name=\"description\" content=\"Descubre la calidad y el aroma del caf\u00e9 en grano Colombia Ecol\u00f3gico, el caf\u00e9 de origen \u00fanico producido por Caf\u00e9 Dromedario. \u00a1Compre ahora!\" \/>\n<meta name=\"robots\" content=\"index, follow, max-snippet:-1, max-image-preview:large, max-video-preview:-1\" \/>\n<meta name=\"twitter:card\" content=\"summary_large_image\" \/>\n<meta name=\"twitter:title\" content=\"Colombia Ecol\u00f3gico Caf\u00e9 Dromedario | Coffee Lounge ES\" \/>\n<meta name=\"twitter:description\" content=\"Descubre la calidad y el aroma del caf\u00e9 en grano Colombia Ecol\u00f3gico, el caf\u00e9 de origen \u00fanico producido por Caf\u00e9 Dromedario. \u00a1Compre ahora!\" \/>\n<meta name=\"twitter:image\" content=\"https:\/\/coffeelounge.delonghi.com\/wp-content\/uploads\/2022\/05\/colombia_ecologico.png\" \/>\n<script type=\"application\/ld+json\" class=\"yoast-schema-graph\">{\"@context\":\"https:\/\/schema.org\",\"@graph\":[{\"@type\":\"WebPage\",\"@id\":\"https:\/\/coffeelounge.delonghi.com\/es-es\/product\/colombia-ecologico\/\",\"url\":\"https:\/\/coffeelounge.delonghi.com\/es-es\/product\/colombia-ecologico\/\",\"name\":\"Colombia Ecol\u00f3gico Caf\u00e9 Dromedario | Coffee Lounge ES\",\"isPartOf\":{\"@id\":\"https:\/\/coffeelounge.delonghi.com\/es-es\/#website\"},\"primaryImageOfPage\":{\"@id\":\"https:\/\/coffeelounge.delonghi.com\/es-es\/product\/colombia-ecologico\/#primaryimage\"},\"image\":{\"@id\":\"https:\/\/coffeelounge.delonghi.com\/es-es\/product\/colombia-ecologico\/#primaryimage\"},\"thumbnailUrl\":\"https:\/\/coffeelounge.delonghi.com\/wp-content\/uploads\/2022\/05\/colombia_ecologico.png\",\"datePublished\":\"2022-05-19T08:42:43+00:00\",\"dateModified\":\"2024-03-04T13:31:33+00:00\",\"description\":\"Descubre la calidad y el aroma del caf\u00e9 en grano Colombia Ecol\u00f3gico, el caf\u00e9 de origen \u00fanico producido por Caf\u00e9 Dromedario. \u00a1Compre ahora!\",\"breadcrumb\":{\"@id\":\"https:\/\/coffeelounge.delonghi.com\/es-es\/product\/colombia-ecologico\/#breadcrumb\"},\"inLanguage\":\"es-es\",\"potentialAction\":[{\"@type\":\"ReadAction\",\"target\":[\"https:\/\/coffeelounge.delonghi.com\/es-es\/product\/colombia-ecologico\/\"]}]},{\"@type\":\"ImageObject\",\"inLanguage\":\"es-es\",\"@id\":\"https:\/\/coffeelounge.delonghi.com\/es-es\/product\/colombia-ecologico\/#primaryimage\",\"url\":\"https:\/\/coffeelounge.delonghi.com\/wp-content\/uploads\/2022\/05\/colombia_ecologico.png\",\"contentUrl\":\"https:\/\/coffeelounge.delonghi.com\/wp-content\/uploads\/2022\/05\/colombia_ecologico.png\",\"width\":1725,\"height\":1725},{\"@type\":\"BreadcrumbList\",\"@id\":\"https:\/\/coffeelounge.delonghi.com\/es-es\/product\/colombia-ecologico\/#breadcrumb\",\"itemListElement\":[{\"@type\":\"ListItem\",\"position\":1,\"name\":\"Home\",\"item\":\"https:\/\/coffeelounge.delonghi.com\/es-es\/\"},{\"@type\":\"ListItem\",\"position\":2,\"name\":\"Boutique\",\"item\":\"https:\/\/coffeelounge.delonghi.com\/fr\/?page_id=36\"},{\"@type\":\"ListItem\",\"position\":3,\"name\":\"Colombia Ecol\u00f3gico\"}]},{\"@type\":\"WebSite\",\"@id\":\"https:\/\/coffeelounge.delonghi.com\/es-es\/#website\",\"url\":\"https:\/\/coffeelounge.delonghi.com\/es-es\/\",\"name\":\"De&#039;Longhi\",\"description\":\"Coffee Lounge\",\"publisher\":{\"@id\":\"https:\/\/coffeelounge.delonghi.com\/es-es\/#organization\"},\"potentialAction\":[{\"@type\":\"SearchAction\",\"target\":{\"@type\":\"EntryPoint\",\"urlTemplate\":\"https:\/\/coffeelounge.delonghi.com\/es-es\/?s={search_term_string}\"},\"query-input\":{\"@type\":\"PropertyValueSpecification\",\"valueRequired\":true,\"valueName\":\"search_term_string\"}}],\"inLanguage\":\"es-es\"},{\"@type\":\"Organization\",\"@id\":\"https:\/\/coffeelounge.delonghi.com\/es-es\/#organization\",\"name\":\"De'Longhi Coffee Lounge\",\"url\":\"https:\/\/coffeelounge.delonghi.com\/es-es\/\",\"logo\":{\"@type\":\"ImageObject\",\"inLanguage\":\"es-es\",\"@id\":\"https:\/\/coffeelounge.delonghi.com\/es-es\/#\/schema\/logo\/image\/\",\"url\":\"https:\/\/coffeelounge.delonghi.com\/wp-content\/uploads\/2020\/05\/delonghi-coffee-lounge-logo-nederland.png\",\"contentUrl\":\"https:\/\/coffeelounge.delonghi.com\/wp-content\/uploads\/2020\/05\/delonghi-coffee-lounge-logo-nederland.png\",\"width\":2337,\"height\":724,\"caption\":\"De'Longhi Coffee Lounge\"},\"image\":{\"@id\":\"https:\/\/coffeelounge.delonghi.com\/es-es\/#\/schema\/logo\/image\/\"}}]}<\/script>\n<!-- \/ Yoast SEO Premium plugin. -->","yoast_head_json":{"title":"Colombia Ecol\u00f3gico Caf\u00e9 Dromedario | Coffee Lounge ES","description":"Descubre la calidad y el aroma del caf\u00e9 en grano Colombia Ecol\u00f3gico, el caf\u00e9 de origen \u00fanico producido por Caf\u00e9 Dromedario. \u00a1Compre ahora!","robots":{"index":"index","follow":"follow","max-snippet":"max-snippet:-1","max-image-preview":"max-image-preview:large","max-video-preview":"max-video-preview:-1"},"twitter_card":"summary_large_image","twitter_title":"Colombia Ecol\u00f3gico Caf\u00e9 Dromedario | Coffee Lounge ES","twitter_description":"Descubre la calidad y el aroma del caf\u00e9 en grano Colombia Ecol\u00f3gico, el caf\u00e9 de origen \u00fanico producido por Caf\u00e9 Dromedario. \u00a1Compre ahora!","twitter_image":"https:\/\/coffeelounge.delonghi.com\/wp-content\/uploads\/2022\/05\/colombia_ecologico.png","schema":{"@context":"https:\/\/schema.org","@graph":[{"@type":"WebPage","@id":"https:\/\/coffeelounge.delonghi.com\/es-es\/product\/colombia-ecologico\/","url":"https:\/\/coffeelounge.delonghi.com\/es-es\/product\/colombia-ecologico\/","name":"Colombia Ecol\u00f3gico Caf\u00e9 Dromedario | Coffee Lounge ES","isPartOf":{"@id":"https:\/\/coffeelounge.delonghi.com\/es-es\/#website"},"primaryImageOfPage":{"@id":"https:\/\/coffeelounge.delonghi.com\/es-es\/product\/colombia-ecologico\/#primaryimage"},"image":{"@id":"https:\/\/coffeelounge.delonghi.com\/es-es\/product\/colombia-ecologico\/#primaryimage"},"thumbnailUrl":"https:\/\/coffeelounge.delonghi.com\/wp-content\/uploads\/2022\/05\/colombia_ecologico.png","datePublished":"2022-05-19T08:42:43+00:00","dateModified":"2024-03-04T13:31:33+00:00","description":"Descubre la calidad y el aroma del caf\u00e9 en grano Colombia Ecol\u00f3gico, el caf\u00e9 de origen \u00fanico producido por Caf\u00e9 Dromedario. \u00a1Compre ahora!","breadcrumb":{"@id":"https:\/\/coffeelounge.delonghi.com\/es-es\/product\/colombia-ecologico\/#breadcrumb"},"inLanguage":"es-es","potentialAction":[{"@type":"ReadAction","target":["https:\/\/coffeelounge.delonghi.com\/es-es\/product\/colombia-ecologico\/"]}]},{"@type":"ImageObject","inLanguage":"es-es","@id":"https:\/\/coffeelounge.delonghi.com\/es-es\/product\/colombia-ecologico\/#primaryimage","url":"https:\/\/coffeelounge.delonghi.com\/wp-content\/uploads\/2022\/05\/colombia_ecologico.png","contentUrl":"https:\/\/coffeelounge.delonghi.com\/wp-content\/uploads\/2022\/05\/colombia_ecologico.png","width":1725,"height":1725},{"@type":"BreadcrumbList","@id":"https:\/\/coffeelounge.delonghi.com\/es-es\/product\/colombia-ecologico\/#breadcrumb","itemListElement":[{"@type":"ListItem","position":1,"name":"Home","item":"https:\/\/coffeelounge.delonghi.com\/es-es\/"},{"@type":"ListItem","position":2,"name":"Boutique","item":"https:\/\/coffeelounge.delonghi.com\/fr\/?page_id=36"},{"@type":"ListItem","position":3,"name":"Colombia Ecol\u00f3gico"}]},{"@type":"WebSite","@id":"https:\/\/coffeelounge.delonghi.com\/es-es\/#website","url":"https:\/\/coffeelounge.delonghi.com\/es-es\/","name":"De&#039;Longhi","description":"Coffee Lounge","publisher":{"@id":"https:\/\/coffeelounge.delonghi.com\/es-es\/#organization"},"potentialAction":[{"@type":"SearchAction","target":{"@type":"EntryPoint","urlTemplate":"https:\/\/coffeelounge.delonghi.com\/es-es\/?s={search_term_string}"},"query-input":{"@type":"PropertyValueSpecification","valueRequired":true,"valueName":"search_term_string"}}],"inLanguage":"es-es"},{"@type":"Organization","@id":"https:\/\/coffeelounge.delonghi.com\/es-es\/#organization","name":"De'Longhi Coffee Lounge","url":"https:\/\/coffeelounge.delonghi.com\/es-es\/","logo":{"@type":"ImageObject","inLanguage":"es-es","@id":"https:\/\/coffeelounge.delonghi.com\/es-es\/#\/schema\/logo\/image\/","url":"https:\/\/coffeelounge.delonghi.com\/wp-content\/uploads\/2020\/05\/delonghi-coffee-lounge-logo-nederland.png","contentUrl":"https:\/\/coffeelounge.delonghi.com\/wp-content\/uploads\/2020\/05\/delonghi-coffee-lounge-logo-nederland.png","width":2337,"height":724,"caption":"De'Longhi Coffee Lounge"},"image":{"@id":"https:\/\/coffeelounge.delonghi.com\/es-es\/#\/schema\/logo\/image\/"}}]}},"_links":{"self":[{"href":"https:\/\/coffeelounge.delonghi.com\/es-es\/wp-json\/wp\/v2\/product\/187611","targetHints":{"allow":["GET"]}}],"collection":[{"href":"https:\/\/coffeelounge.delonghi.com\/es-es\/wp-json\/wp\/v2\/product"}],"about":[{"href":"https:\/\/coffeelounge.delonghi.com\/es-es\/wp-json\/wp\/v2\/types\/product"}],"replies":[{"embeddable":true,"href":"https:\/\/coffeelounge.delonghi.com\/es-es\/wp-json\/wp\/v2\/comments?post=187611"}],"version-history":[{"count":2,"href":"https:\/\/coffeelounge.delonghi.com\/es-es\/wp-json\/wp\/v2\/product\/187611\/revisions"}],"predecessor-version":[{"id":422266,"href":"https:\/\/coffeelounge.delonghi.com\/es-es\/wp-json\/wp\/v2\/product\/187611\/revisions\/422266"}],"wp:featuredmedia":[{"embeddable":true,"href":"https:\/\/coffeelounge.delonghi.com\/es-es\/wp-json\/wp\/v2\/media\/418999"}],"wp:attachment":[{"href":"https:\/\/coffeelounge.delonghi.com\/es-es\/wp-json\/wp\/v2\/media?parent=187611"}],"wp:term":[{"taxonomy":"product_cat","embeddable":true,"href":"https:\/\/coffeelounge.delonghi.com\/es-es\/wp-json\/wp\/v2\/product_cat?post=187611"},{"taxonomy":"product_tag","embeddable":true,"href":"https:\/\/coffeelounge.delonghi.com\/es-es\/wp-json\/wp\/v2\/product_tag?post=187611"}],"curies":[{"name":"wp","href":"https:\/\/api.w.org\/{rel}","templated":true}]}}

Colombia Ecológico

<p>Este premiado café de Origen está elaborado a partir de grano 100% arábica proveniente de Colombia. Destaca su producción Ecológica certificada, evitando el uso de plaguicidas y fertilizantes químicos, fomentando y cuidando la biodiversidad y, en definitiva, protegiendo el medio ambiente. El café resultante es muy equilibrado, con buena intensidad aromática. En boca deja sensaciones florales y a caramelo, en un final suave y dulce. Nuestro Colombia Ecológico ha sido premiado con la Medalla de Oro en el International Coffee Tasting de 2019.</p>

<!-- This site is optimized with the Yoast SEO Premium plugin v24.5 (Yoast SEO v24.5) - https://yoast.com/wordpress/plugins/seo/ -->
<title>Colombia Ecológico Café Dromedario | Coffee Lounge ES</title>
<meta name="description" content="Descubre la calidad y el aroma del café en grano Colombia Ecológico, el café de origen único producido por Café Dromedario. ¡Compre ahora!" />
<meta name="robots" content="index, follow, max-snippet:-1, max-image-preview:large, max-video-preview:-1" />
<meta name="twitter:card" content="summary_large_image" />
<meta name="twitter:title" content="Colombia Ecológico Café Dromedario | Coffee Lounge ES" />
<meta name="twitter:description" content="Descubre la calidad y el aroma del café en grano Colombia Ecológico, el café de origen único producido por Café Dromedario. ¡Compre ahora!" />
<meta name="twitter:image" content="https://coffeelounge.delonghi.com/wp-content/uploads/2022/05/colombia_ecologico.png" />
<script type="application/ld+json" class="yoast-schema-graph">{"@context":"https://schema.org","@graph":[{"@type":"WebPage","@id":"https://coffeelounge.delonghi.com/es-es/product/colombia-ecologico/","url":"https://coffeelounge.delonghi.com/es-es/product/colombia-ecologico/","name":"Colombia Ecológico Café Dromedario | Coffee Lounge ES","isPartOf":{"@id":"https://coffeelounge.delonghi.com/es-es/#website"},"primaryImageOfPage":{"@id":"https://coffeelounge.delonghi.com/es-es/product/colombia-ecologico/#primaryimage"},"image":{"@id":"https://coffeelounge.delonghi.com/es-es/product/colombia-ecologico/#primaryimage"},"thumbnailUrl":"https://coffeelounge.delonghi.com/wp-content/uploads/2022/05/colombia_ecologico.png","datePublished":"2022-05-19T08:42:43+00:00","dateModified":"2024-03-04T13:31:33+00:00","description":"Descubre la calidad y el aroma del café en grano Colombia Ecológico, el café de origen único producido por Café Dromedario. ¡Compre ahora!","breadcrumb":{"@id":"https://coffeelounge.delonghi.com/es-es/product/colombia-ecologico/#breadcrumb"},"inLanguage":"es-es","potentialAction":[{"@type":"ReadAction","target":["https://coffeelounge.delonghi.com/es-es/product/colombia-ecologico/"]}]},{"@type":"ImageObject","inLanguage":"es-es","@id":"https://coffeelounge.delonghi.com/es-es/product/colombia-ecologico/#primaryimage","url":"https://coffeelounge.delonghi.com/wp-content/uploads/2022/05/colombia_ecologico.png","contentUrl":"https://coffeelounge.delonghi.com/wp-content/uploads/2022/05/colombia_ecologico.png","width":1725,"height":1725},{"@type":"BreadcrumbList","@id":"https://coffeelounge.delonghi.com/es-es/product/colombia-ecologico/#breadcrumb","itemListElement":[{"@type":"ListItem","position":1,"name":"Home","item":"https://coffeelounge.delonghi.com/es-es/"},{"@type":"ListItem","position":2,"name":"Boutique","item":"https://coffeelounge.delonghi.com/fr/?page_id=36"},{"@type":"ListItem","position":3,"name":"Colombia Ecológico"}]},{"@type":"WebSite","@id":"https://coffeelounge.delonghi.com/es-es/#website","url":"https://coffeelounge.delonghi.com/es-es/","name":"De&#039;Longhi","description":"Coffee Lounge","publisher":{"@id":"https://coffeelounge.delonghi.com/es-es/#organization"},"potentialAction":[{"@type":"SearchAction","target":{"@type":"EntryPoint","urlTemplate":"https://coffeelounge.delonghi.com/es-es/?s={search_term_string}"},"query-input":{"@type":"PropertyValueSpecification","valueRequired":true,"valueName":"search_term_string"}}],"inLanguage":"es-es"},{"@type":"Organization","@id":"https://coffeelounge.delonghi.com/es-es/#organization","name":"De'Longhi Coffee Lounge","url":"https://coffeelounge.delonghi.com/es-es/","logo":{"@type":"ImageObject","inLanguage":"es-es","@id":"https://coffeelounge.delonghi.com/es-es/#/schema/logo/image/","url":"https://coffeelounge.delonghi.com/wp-content/uploads/2020/05/delonghi-coffee-lounge-logo-nederland.png","contentUrl":"https://coffeelounge.delonghi.com/wp-content/uploads/2020/05/delonghi-coffee-lounge-logo-nederland.png","width":2337,"height":724,"caption":"De'Longhi Coffee Lounge"},"image":{"@id":"https://coffeelounge.delonghi.com/es-es/#/schema/logo/image/"}}]}</script>
<!-- / Yoast SEO Premium plugin. -->

Colombia Ecológico Café Dromedario | Coffee Lounge ES

Descubre la calidad y el aroma del café en grano Colombia Ecológico, el café de origen único producido por Café Dromedario. ¡Compre ahora!
