{"id":362375,"date":"2023-02-14T14:43:02","date_gmt":"2023-02-14T14:43:02","guid":{"rendered":"https:\/\/coffeelounge.delonghi.com\/?post_type=discover&#038;p=362375"},"modified":"2024-12-04T17:44:40","modified_gmt":"2024-12-04T17:44:40","slug":"festival-coffee-fest-madrid-2023","status":"publish","type":"discover","link":"https:\/\/coffeelounge.delonghi.com\/es-es\/discover\/festival-coffee-fest-madrid-2023\/","title":{"rendered":"Ven a visitarnos en el festival Coffee Fest: el evento de referencia para los amantes y los profesionales del caf\u00e9."},"content":{"rendered":"<p>Coffee Fest es un Festival Internacional de caf\u00e9 que se celebra anualmente y que re\u00fane a los mejores tostadores, productores, baristas y amantes del caf\u00e9 de todo el mundo. Este a\u00f1o De\u2019Longhi contar\u00e1 con un espacio de 42m2 dedicado a todos los apasionados del caf\u00e9 los pr\u00f3ximos <strong>24, 25 y 26 de febrero<\/strong> en el centro de convenciones MEEU que se encuentra en la Estaci\u00f3n de Chamart\u00edn de<strong> Madrid.<\/strong><\/p>","protected":false},"author":9170,"featured_media":362376,"menu_order":0,"template":"","meta":{"_acf_changed":false,"footnotes":""},"discover_type":[1039],"class_list":["post-362375","discover","type-discover","status-publish","has-post-thumbnail","hentry","discover_type-events"],"acf":[],"yoast_head":"<!-- This site is optimized with the Yoast SEO Premium plugin v24.5 (Yoast SEO v24.5) - https:\/\/yoast.com\/wordpress\/plugins\/seo\/ -->\n<title>Vis\u00edtanos en el Coffee Fest | De&#039;Longhi Coffee Lounge<\/title>\n<meta name=\"description\" content=\"Coffee Fest es un Festival Internacional de caf\u00e9 este a\u00f1o De\u2019Longhi estar\u00e1 presente los pr\u00f3ximos 24, 25 y 26 de febrero en Madrid \u00a1Vis\u00edtanos!\" \/>\n<meta name=\"robots\" content=\"index, follow, max-snippet:-1, max-image-preview:large, max-video-preview:-1\" \/>\n<meta name=\"twitter:card\" content=\"summary_large_image\" \/>\n<meta name=\"twitter:title\" content=\"Vis\u00edtanos en el Coffee Fest | De&#039;Longhi Coffee Lounge\" \/>\n<meta name=\"twitter:description\" content=\"Coffee Fest es un Festival Internacional de caf\u00e9 este a\u00f1o De\u2019Longhi estar\u00e1 presente los pr\u00f3ximos 24, 25 y 26 de febrero en Madrid \u00a1Vis\u00edtanos!\" \/>\n<meta name=\"twitter:image\" content=\"https:\/\/coffeelounge.delonghi.com\/wp-content\/uploads\/2023\/02\/Coffee-Fest-2023-I-Festival-Internacional-del-Cafe.jpeg\" \/>\n<script type=\"application\/ld+json\" class=\"yoast-schema-graph\">{\"@context\":\"https:\/\/schema.org\",\"@graph\":[{\"@type\":\"WebPage\",\"@id\":\"https:\/\/coffeelounge.delonghi.com\/es-es\/discover\/festival-coffee-fest-madrid-2023\/\",\"url\":\"https:\/\/coffeelounge.delonghi.com\/es-es\/discover\/festival-coffee-fest-madrid-2023\/\",\"name\":\"Vis\u00edtanos en el Coffee Fest | De&#039;Longhi Coffee Lounge\",\"isPartOf\":{\"@id\":\"https:\/\/coffeelounge.delonghi.com\/es-es\/#website\"},\"primaryImageOfPage\":{\"@id\":\"https:\/\/coffeelounge.delonghi.com\/es-es\/discover\/festival-coffee-fest-madrid-2023\/#primaryimage\"},\"image\":{\"@id\":\"https:\/\/coffeelounge.delonghi.com\/es-es\/discover\/festival-coffee-fest-madrid-2023\/#primaryimage\"},\"thumbnailUrl\":\"https:\/\/coffeelounge.delonghi.com\/wp-content\/uploads\/2023\/02\/Coffee-Fest-2023-I-Festival-Internacional-del-Cafe.jpeg\",\"datePublished\":\"2023-02-14T14:43:02+00:00\",\"dateModified\":\"2024-12-04T17:44:40+00:00\",\"description\":\"Coffee Fest es un Festival Internacional de caf\u00e9 este a\u00f1o De\u2019Longhi estar\u00e1 presente los pr\u00f3ximos 24, 25 y 26 de febrero en Madrid \u00a1Vis\u00edtanos!\",\"breadcrumb\":{\"@id\":\"https:\/\/coffeelounge.delonghi.com\/es-es\/discover\/festival-coffee-fest-madrid-2023\/#breadcrumb\"},\"inLanguage\":\"es-es\",\"potentialAction\":[{\"@type\":\"ReadAction\",\"target\":[\"https:\/\/coffeelounge.delonghi.com\/es-es\/discover\/festival-coffee-fest-madrid-2023\/\"]}]},{\"@type\":\"ImageObject\",\"inLanguage\":\"es-es\",\"@id\":\"https:\/\/coffeelounge.delonghi.com\/es-es\/discover\/festival-coffee-fest-madrid-2023\/#primaryimage\",\"url\":\"https:\/\/coffeelounge.delonghi.com\/wp-content\/uploads\/2023\/02\/Coffee-Fest-2023-I-Festival-Internacional-del-Cafe.jpeg\",\"contentUrl\":\"https:\/\/coffeelounge.delonghi.com\/wp-content\/uploads\/2023\/02\/Coffee-Fest-2023-I-Festival-Internacional-del-Cafe.jpeg\",\"width\":1100,\"height\":566},{\"@type\":\"BreadcrumbList\",\"@id\":\"https:\/\/coffeelounge.delonghi.com\/es-es\/discover\/festival-coffee-fest-madrid-2023\/#breadcrumb\",\"itemListElement\":[{\"@type\":\"ListItem\",\"position\":1,\"name\":\"Home\",\"item\":\"https:\/\/coffeelounge.delonghi.com\/es-es\/\"},{\"@type\":\"ListItem\",\"position\":2,\"name\":\"Discover\",\"item\":\"https:\/\/coffeelounge.delonghi.com\/es-es\/discover\/\"},{\"@type\":\"ListItem\",\"position\":3,\"name\":\"Eventos\",\"item\":\"https:\/\/coffeelounge.delonghi.com\/es-es\/discoveries\/events\/\"},{\"@type\":\"ListItem\",\"position\":4,\"name\":\"Ven a visitarnos en el festival Coffee Fest: el evento de referencia para los amantes y los profesionales del caf\u00e9.\"}]},{\"@type\":\"WebSite\",\"@id\":\"https:\/\/coffeelounge.delonghi.com\/es-es\/#website\",\"url\":\"https:\/\/coffeelounge.delonghi.com\/es-es\/\",\"name\":\"De&#039;Longhi\",\"description\":\"Coffee Lounge\",\"publisher\":{\"@id\":\"https:\/\/coffeelounge.delonghi.com\/es-es\/#organization\"},\"potentialAction\":[{\"@type\":\"SearchAction\",\"target\":{\"@type\":\"EntryPoint\",\"urlTemplate\":\"https:\/\/coffeelounge.delonghi.com\/es-es\/?s={search_term_string}\"},\"query-input\":{\"@type\":\"PropertyValueSpecification\",\"valueRequired\":true,\"valueName\":\"search_term_string\"}}],\"inLanguage\":\"es-es\"},{\"@type\":\"Organization\",\"@id\":\"https:\/\/coffeelounge.delonghi.com\/es-es\/#organization\",\"name\":\"De'Longhi Coffee Lounge\",\"url\":\"https:\/\/coffeelounge.delonghi.com\/es-es\/\",\"logo\":{\"@type\":\"ImageObject\",\"inLanguage\":\"es-es\",\"@id\":\"https:\/\/coffeelounge.delonghi.com\/es-es\/#\/schema\/logo\/image\/\",\"url\":\"https:\/\/coffeelounge.delonghi.com\/wp-content\/uploads\/2020\/05\/delonghi-coffee-lounge-logo-nederland.png\",\"contentUrl\":\"https:\/\/coffeelounge.delonghi.com\/wp-content\/uploads\/2020\/05\/delonghi-coffee-lounge-logo-nederland.png\",\"width\":2337,\"height\":724,\"caption\":\"De'Longhi Coffee Lounge\"},\"image\":{\"@id\":\"https:\/\/coffeelounge.delonghi.com\/es-es\/#\/schema\/logo\/image\/\"}}]}<\/script>\n<!-- \/ Yoast SEO Premium plugin. -->","yoast_head_json":{"title":"Vis\u00edtanos en el Coffee Fest | De&#039;Longhi Coffee Lounge","description":"Coffee Fest es un Festival Internacional de caf\u00e9 este a\u00f1o De\u2019Longhi estar\u00e1 presente los pr\u00f3ximos 24, 25 y 26 de febrero en Madrid \u00a1Vis\u00edtanos!","robots":{"index":"index","follow":"follow","max-snippet":"max-snippet:-1","max-image-preview":"max-image-preview:large","max-video-preview":"max-video-preview:-1"},"twitter_card":"summary_large_image","twitter_title":"Vis\u00edtanos en el Coffee Fest | De&#039;Longhi Coffee Lounge","twitter_description":"Coffee Fest es un Festival Internacional de caf\u00e9 este a\u00f1o De\u2019Longhi estar\u00e1 presente los pr\u00f3ximos 24, 25 y 26 de febrero en Madrid \u00a1Vis\u00edtanos!","twitter_image":"https:\/\/coffeelounge.delonghi.com\/wp-content\/uploads\/2023\/02\/Coffee-Fest-2023-I-Festival-Internacional-del-Cafe.jpeg","schema":{"@context":"https:\/\/schema.org","@graph":[{"@type":"WebPage","@id":"https:\/\/coffeelounge.delonghi.com\/es-es\/discover\/festival-coffee-fest-madrid-2023\/","url":"https:\/\/coffeelounge.delonghi.com\/es-es\/discover\/festival-coffee-fest-madrid-2023\/","name":"Vis\u00edtanos en el Coffee Fest | De&#039;Longhi Coffee Lounge","isPartOf":{"@id":"https:\/\/coffeelounge.delonghi.com\/es-es\/#website"},"primaryImageOfPage":{"@id":"https:\/\/coffeelounge.delonghi.com\/es-es\/discover\/festival-coffee-fest-madrid-2023\/#primaryimage"},"image":{"@id":"https:\/\/coffeelounge.delonghi.com\/es-es\/discover\/festival-coffee-fest-madrid-2023\/#primaryimage"},"thumbnailUrl":"https:\/\/coffeelounge.delonghi.com\/wp-content\/uploads\/2023\/02\/Coffee-Fest-2023-I-Festival-Internacional-del-Cafe.jpeg","datePublished":"2023-02-14T14:43:02+00:00","dateModified":"2024-12-04T17:44:40+00:00","description":"Coffee Fest es un Festival Internacional de caf\u00e9 este a\u00f1o De\u2019Longhi estar\u00e1 presente los pr\u00f3ximos 24, 25 y 26 de febrero en Madrid \u00a1Vis\u00edtanos!","breadcrumb":{"@id":"https:\/\/coffeelounge.delonghi.com\/es-es\/discover\/festival-coffee-fest-madrid-2023\/#breadcrumb"},"inLanguage":"es-es","potentialAction":[{"@type":"ReadAction","target":["https:\/\/coffeelounge.delonghi.com\/es-es\/discover\/festival-coffee-fest-madrid-2023\/"]}]},{"@type":"ImageObject","inLanguage":"es-es","@id":"https:\/\/coffeelounge.delonghi.com\/es-es\/discover\/festival-coffee-fest-madrid-2023\/#primaryimage","url":"https:\/\/coffeelounge.delonghi.com\/wp-content\/uploads\/2023\/02\/Coffee-Fest-2023-I-Festival-Internacional-del-Cafe.jpeg","contentUrl":"https:\/\/coffeelounge.delonghi.com\/wp-content\/uploads\/2023\/02\/Coffee-Fest-2023-I-Festival-Internacional-del-Cafe.jpeg","width":1100,"height":566},{"@type":"BreadcrumbList","@id":"https:\/\/coffeelounge.delonghi.com\/es-es\/discover\/festival-coffee-fest-madrid-2023\/#breadcrumb","itemListElement":[{"@type":"ListItem","position":1,"name":"Home","item":"https:\/\/coffeelounge.delonghi.com\/es-es\/"},{"@type":"ListItem","position":2,"name":"Discover","item":"https:\/\/coffeelounge.delonghi.com\/es-es\/discover\/"},{"@type":"ListItem","position":3,"name":"Eventos","item":"https:\/\/coffeelounge.delonghi.com\/es-es\/discoveries\/events\/"},{"@type":"ListItem","position":4,"name":"Ven a visitarnos en el festival Coffee Fest: el evento de referencia para los amantes y los profesionales del caf\u00e9."}]},{"@type":"WebSite","@id":"https:\/\/coffeelounge.delonghi.com\/es-es\/#website","url":"https:\/\/coffeelounge.delonghi.com\/es-es\/","name":"De&#039;Longhi","description":"Coffee Lounge","publisher":{"@id":"https:\/\/coffeelounge.delonghi.com\/es-es\/#organization"},"potentialAction":[{"@type":"SearchAction","target":{"@type":"EntryPoint","urlTemplate":"https:\/\/coffeelounge.delonghi.com\/es-es\/?s={search_term_string}"},"query-input":{"@type":"PropertyValueSpecification","valueRequired":true,"valueName":"search_term_string"}}],"inLanguage":"es-es"},{"@type":"Organization","@id":"https:\/\/coffeelounge.delonghi.com\/es-es\/#organization","name":"De'Longhi Coffee Lounge","url":"https:\/\/coffeelounge.delonghi.com\/es-es\/","logo":{"@type":"ImageObject","inLanguage":"es-es","@id":"https:\/\/coffeelounge.delonghi.com\/es-es\/#\/schema\/logo\/image\/","url":"https:\/\/coffeelounge.delonghi.com\/wp-content\/uploads\/2020\/05\/delonghi-coffee-lounge-logo-nederland.png","contentUrl":"https:\/\/coffeelounge.delonghi.com\/wp-content\/uploads\/2020\/05\/delonghi-coffee-lounge-logo-nederland.png","width":2337,"height":724,"caption":"De'Longhi Coffee Lounge"},"image":{"@id":"https:\/\/coffeelounge.delonghi.com\/es-es\/#\/schema\/logo\/image\/"}}]}},"_links":{"self":[{"href":"https:\/\/coffeelounge.delonghi.com\/es-es\/wp-json\/wp\/v2\/discover\/362375","targetHints":{"allow":["GET"]}}],"collection":[{"href":"https:\/\/coffeelounge.delonghi.com\/es-es\/wp-json\/wp\/v2\/discover"}],"about":[{"href":"https:\/\/coffeelounge.delonghi.com\/es-es\/wp-json\/wp\/v2\/types\/discover"}],"author":[{"embeddable":true,"href":"https:\/\/coffeelounge.delonghi.com\/es-es\/wp-json\/wp\/v2\/users\/9170"}],"version-history":[{"count":1,"href":"https:\/\/coffeelounge.delonghi.com\/es-es\/wp-json\/wp\/v2\/discover\/362375\/revisions"}],"predecessor-version":[{"id":431578,"href":"https:\/\/coffeelounge.delonghi.com\/es-es\/wp-json\/wp\/v2\/discover\/362375\/revisions\/431578"}],"wp:featuredmedia":[{"embeddable":true,"href":"https:\/\/coffeelounge.delonghi.com\/es-es\/wp-json\/wp\/v2\/media\/362376"}],"wp:attachment":[{"href":"https:\/\/coffeelounge.delonghi.com\/es-es\/wp-json\/wp\/v2\/media?parent=362375"}],"wp:term":[{"taxonomy":"discover_type","embeddable":true,"href":"https:\/\/coffeelounge.delonghi.com\/es-es\/wp-json\/wp\/v2\/discover_type?post=362375"}],"curies":[{"name":"wp","href":"https:\/\/api.w.org\/{rel}","templated":true}]}}

Ven a visitarnos en el festival Coffee Fest: el evento de referencia para los amantes y los profesionales del café.

<p>Coffee Fest es un Festival Internacional de café que se celebra anualmente y que reúne a los mejores tostadores, productores, baristas y amantes del café de todo el mundo. Este año De’Longhi contará con un espacio de 42m2 dedicado a todos los apasionados del café los próximos <strong>24, 25 y 26 de febrero</strong> en el centro de convenciones MEEU que se encuentra en la Estación de Chamartín de<strong> Madrid.</strong></p>

<!-- This site is optimized with the Yoast SEO Premium plugin v24.5 (Yoast SEO v24.5) - https://yoast.com/wordpress/plugins/seo/ -->
<title>Visítanos en el Coffee Fest | De&#039;Longhi Coffee Lounge</title>
<meta name="description" content="Coffee Fest es un Festival Internacional de café este año De’Longhi estará presente los próximos 24, 25 y 26 de febrero en Madrid ¡Visítanos!" />
<meta name="robots" content="index, follow, max-snippet:-1, max-image-preview:large, max-video-preview:-1" />
<meta name="twitter:card" content="summary_large_image" />
<meta name="twitter:title" content="Visítanos en el Coffee Fest | De&#039;Longhi Coffee Lounge" />
<meta name="twitter:description" content="Coffee Fest es un Festival Internacional de café este año De’Longhi estará presente los próximos 24, 25 y 26 de febrero en Madrid ¡Visítanos!" />
<meta name="twitter:image" content="https://coffeelounge.delonghi.com/wp-content/uploads/2023/02/Coffee-Fest-2023-I-Festival-Internacional-del-Cafe.jpeg" />
<script type="application/ld+json" class="yoast-schema-graph">{"@context":"https://schema.org","@graph":[{"@type":"WebPage","@id":"https://coffeelounge.delonghi.com/es-es/discover/festival-coffee-fest-madrid-2023/","url":"https://coffeelounge.delonghi.com/es-es/discover/festival-coffee-fest-madrid-2023/","name":"Visítanos en el Coffee Fest | De&#039;Longhi Coffee Lounge","isPartOf":{"@id":"https://coffeelounge.delonghi.com/es-es/#website"},"primaryImageOfPage":{"@id":"https://coffeelounge.delonghi.com/es-es/discover/festival-coffee-fest-madrid-2023/#primaryimage"},"image":{"@id":"https://coffeelounge.delonghi.com/es-es/discover/festival-coffee-fest-madrid-2023/#primaryimage"},"thumbnailUrl":"https://coffeelounge.delonghi.com/wp-content/uploads/2023/02/Coffee-Fest-2023-I-Festival-Internacional-del-Cafe.jpeg","datePublished":"2023-02-14T14:43:02+00:00","dateModified":"2024-12-04T17:44:40+00:00","description":"Coffee Fest es un Festival Internacional de café este año De’Longhi estará presente los próximos 24, 25 y 26 de febrero en Madrid ¡Visítanos!","breadcrumb":{"@id":"https://coffeelounge.delonghi.com/es-es/discover/festival-coffee-fest-madrid-2023/#breadcrumb"},"inLanguage":"es-es","potentialAction":[{"@type":"ReadAction","target":["https://coffeelounge.delonghi.com/es-es/discover/festival-coffee-fest-madrid-2023/"]}]},{"@type":"ImageObject","inLanguage":"es-es","@id":"https://coffeelounge.delonghi.com/es-es/discover/festival-coffee-fest-madrid-2023/#primaryimage","url":"https://coffeelounge.delonghi.com/wp-content/uploads/2023/02/Coffee-Fest-2023-I-Festival-Internacional-del-Cafe.jpeg","contentUrl":"https://coffeelounge.delonghi.com/wp-content/uploads/2023/02/Coffee-Fest-2023-I-Festival-Internacional-del-Cafe.jpeg","width":1100,"height":566},{"@type":"BreadcrumbList","@id":"https://coffeelounge.delonghi.com/es-es/discover/festival-coffee-fest-madrid-2023/#breadcrumb","itemListElement":[{"@type":"ListItem","position":1,"name":"Home","item":"https://coffeelounge.delonghi.com/es-es/"},{"@type":"ListItem","position":2,"name":"Discover","item":"https://coffeelounge.delonghi.com/es-es/discover/"},{"@type":"ListItem","position":3,"name":"Eventos","item":"https://coffeelounge.delonghi.com/es-es/discoveries/events/"},{"@type":"ListItem","position":4,"name":"Ven a visitarnos en el festival Coffee Fest: el evento de referencia para los amantes y los profesionales del café."}]},{"@type":"WebSite","@id":"https://coffeelounge.delonghi.com/es-es/#website","url":"https://coffeelounge.delonghi.com/es-es/","name":"De&#039;Longhi","description":"Coffee Lounge","publisher":{"@id":"https://coffeelounge.delonghi.com/es-es/#organization"},"potentialAction":[{"@type":"SearchAction","target":{"@type":"EntryPoint","urlTemplate":"https://coffeelounge.delonghi.com/es-es/?s={search_term_string}"},"query-input":{"@type":"PropertyValueSpecification","valueRequired":true,"valueName":"search_term_string"}}],"inLanguage":"es-es"},{"@type":"Organization","@id":"https://coffeelounge.delonghi.com/es-es/#organization","name":"De'Longhi Coffee Lounge","url":"https://coffeelounge.delonghi.com/es-es/","logo":{"@type":"ImageObject","inLanguage":"es-es","@id":"https://coffeelounge.delonghi.com/es-es/#/schema/logo/image/","url":"https://coffeelounge.delonghi.com/wp-content/uploads/2020/05/delonghi-coffee-lounge-logo-nederland.png","contentUrl":"https://coffeelounge.delonghi.com/wp-content/uploads/2020/05/delonghi-coffee-lounge-logo-nederland.png","width":2337,"height":724,"caption":"De'Longhi Coffee Lounge"},"image":{"@id":"https://coffeelounge.delonghi.com/es-es/#/schema/logo/image/"}}]}</script>
<!-- / Yoast SEO Premium plugin. -->

Visítanos en el Coffee Fest | De&#039;Longhi Coffee Lounge

Coffee Fest es un Festival Internacional de café este año De’Longhi estará presente los próximos 24, 25 y 26 de febrero en Madrid ¡Visítanos!
