{"id":61143,"date":"2021-08-24T14:05:21","date_gmt":"2021-08-24T14:05:21","guid":{"rendered":"https:\/\/coffeelounge.delonghi.com\/?post_type=discover&#038;p=61143"},"modified":"2021-11-24T10:33:56","modified_gmt":"2021-11-24T10:33:56","slug":"roester-interview-vogelmaier","status":"publish","type":"discover","link":"https:\/\/coffeelounge.delonghi.com\/de\/neuigkeiten\/roester-interview-vogelmaier\/","title":{"rendered":"R\u00f6ster-Interview: Vogelmaier"},"content":{"rendered":"<p>Die <a href=\"https:\/\/coffeelounge.delonghi.com\/de\/kaffeeroester\/\">VogelMaier\u2018s<\/a>, das sind Stefan Vogelgesang und Christiane Maier. Wir waren fr\u00fcher in der IT- und Telekommunikationsbranche im mittleren Management t\u00e4tig und haben im Jahr 2016 die Kaffeer\u00f6sterei VogelMaier im M\u00fcnchner Stadtteil Haidhausen gegr\u00fcndet. Aufgrund unserer langj\u00e4hrigen Berufspraxis hat sich die Rollenaufteilung fast von selbst ergeben \u2026<\/p>","protected":false},"author":3279,"featured_media":61144,"menu_order":0,"template":"","meta":{"_acf_changed":false,"footnotes":""},"discover_type":[252],"class_list":["post-61143","discover","type-discover","status-publish","has-post-thumbnail","hentry","discover_type-stories-interviews"],"acf":[],"yoast_head":"<!-- This site is optimized with the Yoast SEO Premium plugin v24.5 (Yoast SEO v24.5) - https:\/\/yoast.com\/wordpress\/plugins\/seo\/ -->\n<title>R\u00f6ster-Interview: Vogelmaier | Coffee Lounge De&#039;Longhi<\/title>\n<meta name=\"description\" content=\"Die VogelMaier&#039;s, das sind Stefan Vogelgesang und Christiane Maier. Mit ihrem Caf\u00e9 in M\u00fcnchen haben Sie Leidenschaft zu Berufung gemacht.\" \/>\n<meta name=\"robots\" content=\"index, follow, max-snippet:-1, max-image-preview:large, max-video-preview:-1\" \/>\n<meta name=\"twitter:card\" content=\"summary_large_image\" \/>\n<meta name=\"twitter:title\" content=\"R\u00f6ster-Interview: Vogelmaier | Coffee Lounge De&#039;Longhi\" \/>\n<meta name=\"twitter:description\" content=\"Die VogelMaier&#039;s, das sind Stefan Vogelgesang und Christiane Maier. Mit ihrem Caf\u00e9 in M\u00fcnchen haben Sie Leidenschaft zu Berufung gemacht.\" \/>\n<meta name=\"twitter:image\" content=\"https:\/\/coffeelounge.delonghi.com\/wp-content\/uploads\/2021\/08\/6_vogelmaier-724-e1629814095168.jpg\" \/>\n<script type=\"application\/ld+json\" class=\"yoast-schema-graph\">{\"@context\":\"https:\/\/schema.org\",\"@graph\":[{\"@type\":\"WebPage\",\"@id\":\"https:\/\/coffeelounge.delonghi.com\/de\/neuigkeiten\/roester-interview-vogelmaier\/\",\"url\":\"https:\/\/coffeelounge.delonghi.com\/de\/neuigkeiten\/roester-interview-vogelmaier\/\",\"name\":\"R\u00f6ster-Interview: Vogelmaier | Coffee Lounge De&#039;Longhi\",\"isPartOf\":{\"@id\":\"https:\/\/coffeelounge.delonghi.com\/de\/#website\"},\"primaryImageOfPage\":{\"@id\":\"https:\/\/coffeelounge.delonghi.com\/de\/neuigkeiten\/roester-interview-vogelmaier\/#primaryimage\"},\"image\":{\"@id\":\"https:\/\/coffeelounge.delonghi.com\/de\/neuigkeiten\/roester-interview-vogelmaier\/#primaryimage\"},\"thumbnailUrl\":\"https:\/\/coffeelounge.delonghi.com\/wp-content\/uploads\/2021\/08\/6_vogelmaier-724-e1629814095168.jpg\",\"datePublished\":\"2021-08-24T14:05:21+00:00\",\"dateModified\":\"2021-11-24T10:33:56+00:00\",\"description\":\"Die VogelMaier's, das sind Stefan Vogelgesang und Christiane Maier. Mit ihrem Caf\u00e9 in M\u00fcnchen haben Sie Leidenschaft zu Berufung gemacht.\",\"breadcrumb\":{\"@id\":\"https:\/\/coffeelounge.delonghi.com\/de\/neuigkeiten\/roester-interview-vogelmaier\/#breadcrumb\"},\"inLanguage\":\"de\",\"potentialAction\":[{\"@type\":\"ReadAction\",\"target\":[\"https:\/\/coffeelounge.delonghi.com\/de\/neuigkeiten\/roester-interview-vogelmaier\/\"]}]},{\"@type\":\"ImageObject\",\"inLanguage\":\"de\",\"@id\":\"https:\/\/coffeelounge.delonghi.com\/de\/neuigkeiten\/roester-interview-vogelmaier\/#primaryimage\",\"url\":\"https:\/\/coffeelounge.delonghi.com\/wp-content\/uploads\/2021\/08\/6_vogelmaier-724-e1629814095168.jpg\",\"contentUrl\":\"https:\/\/coffeelounge.delonghi.com\/wp-content\/uploads\/2021\/08\/6_vogelmaier-724-e1629814095168.jpg\",\"width\":432,\"height\":432,\"caption\":\"Neuigkeiten_VogelMaier_Stefan an unserem R\u00f6ster\"},{\"@type\":\"BreadcrumbList\",\"@id\":\"https:\/\/coffeelounge.delonghi.com\/de\/neuigkeiten\/roester-interview-vogelmaier\/#breadcrumb\",\"itemListElement\":[{\"@type\":\"ListItem\",\"position\":1,\"name\":\"Home\",\"item\":\"https:\/\/coffeelounge.delonghi.com\/de\/\"},{\"@type\":\"ListItem\",\"position\":2,\"name\":\"Discover\",\"item\":\"https:\/\/coffeelounge.delonghi.com\/de\/neuigkeiten\/\"},{\"@type\":\"ListItem\",\"position\":3,\"name\":\"Stories &amp; Interviews\",\"item\":\"https:\/\/coffeelounge.delonghi.com\/de\/nachrichten\/stories-interviews\/\"},{\"@type\":\"ListItem\",\"position\":4,\"name\":\"R\u00f6ster-Interview: Vogelmaier\"}]},{\"@type\":\"WebSite\",\"@id\":\"https:\/\/coffeelounge.delonghi.com\/de\/#website\",\"url\":\"https:\/\/coffeelounge.delonghi.com\/de\/\",\"name\":\"De&#039;Longhi\",\"description\":\"Coffee Lounge\",\"publisher\":{\"@id\":\"https:\/\/coffeelounge.delonghi.com\/de\/#organization\"},\"potentialAction\":[{\"@type\":\"SearchAction\",\"target\":{\"@type\":\"EntryPoint\",\"urlTemplate\":\"https:\/\/coffeelounge.delonghi.com\/de\/?s={search_term_string}\"},\"query-input\":{\"@type\":\"PropertyValueSpecification\",\"valueRequired\":true,\"valueName\":\"search_term_string\"}}],\"inLanguage\":\"de\"},{\"@type\":\"Organization\",\"@id\":\"https:\/\/coffeelounge.delonghi.com\/de\/#organization\",\"name\":\"De'Longhi Coffee Lounge\",\"url\":\"https:\/\/coffeelounge.delonghi.com\/de\/\",\"logo\":{\"@type\":\"ImageObject\",\"inLanguage\":\"de\",\"@id\":\"https:\/\/coffeelounge.delonghi.com\/de\/#\/schema\/logo\/image\/\",\"url\":\"https:\/\/coffeelounge.delonghi.com\/wp-content\/uploads\/2020\/05\/delonghi-coffee-lounge-logo-nederland.png\",\"contentUrl\":\"https:\/\/coffeelounge.delonghi.com\/wp-content\/uploads\/2020\/05\/delonghi-coffee-lounge-logo-nederland.png\",\"width\":2337,\"height\":724,\"caption\":\"De'Longhi Coffee Lounge\"},\"image\":{\"@id\":\"https:\/\/coffeelounge.delonghi.com\/de\/#\/schema\/logo\/image\/\"}}]}<\/script>\n<!-- \/ Yoast SEO Premium plugin. -->","yoast_head_json":{"title":"R\u00f6ster-Interview: Vogelmaier | Coffee Lounge De&#039;Longhi","description":"Die VogelMaier's, das sind Stefan Vogelgesang und Christiane Maier. Mit ihrem Caf\u00e9 in M\u00fcnchen haben Sie Leidenschaft zu Berufung gemacht.","robots":{"index":"index","follow":"follow","max-snippet":"max-snippet:-1","max-image-preview":"max-image-preview:large","max-video-preview":"max-video-preview:-1"},"twitter_card":"summary_large_image","twitter_title":"R\u00f6ster-Interview: Vogelmaier | Coffee Lounge De&#039;Longhi","twitter_description":"Die VogelMaier's, das sind Stefan Vogelgesang und Christiane Maier. Mit ihrem Caf\u00e9 in M\u00fcnchen haben Sie Leidenschaft zu Berufung gemacht.","twitter_image":"https:\/\/coffeelounge.delonghi.com\/wp-content\/uploads\/2021\/08\/6_vogelmaier-724-e1629814095168.jpg","schema":{"@context":"https:\/\/schema.org","@graph":[{"@type":"WebPage","@id":"https:\/\/coffeelounge.delonghi.com\/de\/neuigkeiten\/roester-interview-vogelmaier\/","url":"https:\/\/coffeelounge.delonghi.com\/de\/neuigkeiten\/roester-interview-vogelmaier\/","name":"R\u00f6ster-Interview: Vogelmaier | Coffee Lounge De&#039;Longhi","isPartOf":{"@id":"https:\/\/coffeelounge.delonghi.com\/de\/#website"},"primaryImageOfPage":{"@id":"https:\/\/coffeelounge.delonghi.com\/de\/neuigkeiten\/roester-interview-vogelmaier\/#primaryimage"},"image":{"@id":"https:\/\/coffeelounge.delonghi.com\/de\/neuigkeiten\/roester-interview-vogelmaier\/#primaryimage"},"thumbnailUrl":"https:\/\/coffeelounge.delonghi.com\/wp-content\/uploads\/2021\/08\/6_vogelmaier-724-e1629814095168.jpg","datePublished":"2021-08-24T14:05:21+00:00","dateModified":"2021-11-24T10:33:56+00:00","description":"Die VogelMaier's, das sind Stefan Vogelgesang und Christiane Maier. Mit ihrem Caf\u00e9 in M\u00fcnchen haben Sie Leidenschaft zu Berufung gemacht.","breadcrumb":{"@id":"https:\/\/coffeelounge.delonghi.com\/de\/neuigkeiten\/roester-interview-vogelmaier\/#breadcrumb"},"inLanguage":"de","potentialAction":[{"@type":"ReadAction","target":["https:\/\/coffeelounge.delonghi.com\/de\/neuigkeiten\/roester-interview-vogelmaier\/"]}]},{"@type":"ImageObject","inLanguage":"de","@id":"https:\/\/coffeelounge.delonghi.com\/de\/neuigkeiten\/roester-interview-vogelmaier\/#primaryimage","url":"https:\/\/coffeelounge.delonghi.com\/wp-content\/uploads\/2021\/08\/6_vogelmaier-724-e1629814095168.jpg","contentUrl":"https:\/\/coffeelounge.delonghi.com\/wp-content\/uploads\/2021\/08\/6_vogelmaier-724-e1629814095168.jpg","width":432,"height":432,"caption":"Neuigkeiten_VogelMaier_Stefan an unserem R\u00f6ster"},{"@type":"BreadcrumbList","@id":"https:\/\/coffeelounge.delonghi.com\/de\/neuigkeiten\/roester-interview-vogelmaier\/#breadcrumb","itemListElement":[{"@type":"ListItem","position":1,"name":"Home","item":"https:\/\/coffeelounge.delonghi.com\/de\/"},{"@type":"ListItem","position":2,"name":"Discover","item":"https:\/\/coffeelounge.delonghi.com\/de\/neuigkeiten\/"},{"@type":"ListItem","position":3,"name":"Stories &amp; Interviews","item":"https:\/\/coffeelounge.delonghi.com\/de\/nachrichten\/stories-interviews\/"},{"@type":"ListItem","position":4,"name":"R\u00f6ster-Interview: Vogelmaier"}]},{"@type":"WebSite","@id":"https:\/\/coffeelounge.delonghi.com\/de\/#website","url":"https:\/\/coffeelounge.delonghi.com\/de\/","name":"De&#039;Longhi","description":"Coffee Lounge","publisher":{"@id":"https:\/\/coffeelounge.delonghi.com\/de\/#organization"},"potentialAction":[{"@type":"SearchAction","target":{"@type":"EntryPoint","urlTemplate":"https:\/\/coffeelounge.delonghi.com\/de\/?s={search_term_string}"},"query-input":{"@type":"PropertyValueSpecification","valueRequired":true,"valueName":"search_term_string"}}],"inLanguage":"de"},{"@type":"Organization","@id":"https:\/\/coffeelounge.delonghi.com\/de\/#organization","name":"De'Longhi Coffee Lounge","url":"https:\/\/coffeelounge.delonghi.com\/de\/","logo":{"@type":"ImageObject","inLanguage":"de","@id":"https:\/\/coffeelounge.delonghi.com\/de\/#\/schema\/logo\/image\/","url":"https:\/\/coffeelounge.delonghi.com\/wp-content\/uploads\/2020\/05\/delonghi-coffee-lounge-logo-nederland.png","contentUrl":"https:\/\/coffeelounge.delonghi.com\/wp-content\/uploads\/2020\/05\/delonghi-coffee-lounge-logo-nederland.png","width":2337,"height":724,"caption":"De'Longhi Coffee Lounge"},"image":{"@id":"https:\/\/coffeelounge.delonghi.com\/de\/#\/schema\/logo\/image\/"}}]}},"_links":{"self":[{"href":"https:\/\/coffeelounge.delonghi.com\/de\/wp-json\/wp\/v2\/discover\/61143","targetHints":{"allow":["GET"]}}],"collection":[{"href":"https:\/\/coffeelounge.delonghi.com\/de\/wp-json\/wp\/v2\/discover"}],"about":[{"href":"https:\/\/coffeelounge.delonghi.com\/de\/wp-json\/wp\/v2\/types\/discover"}],"author":[{"embeddable":true,"href":"https:\/\/coffeelounge.delonghi.com\/de\/wp-json\/wp\/v2\/users\/3279"}],"version-history":[{"count":0,"href":"https:\/\/coffeelounge.delonghi.com\/de\/wp-json\/wp\/v2\/discover\/61143\/revisions"}],"wp:featuredmedia":[{"embeddable":true,"href":"https:\/\/coffeelounge.delonghi.com\/de\/wp-json\/wp\/v2\/media\/61144"}],"wp:attachment":[{"href":"https:\/\/coffeelounge.delonghi.com\/de\/wp-json\/wp\/v2\/media?parent=61143"}],"wp:term":[{"taxonomy":"discover_type","embeddable":true,"href":"https:\/\/coffeelounge.delonghi.com\/de\/wp-json\/wp\/v2\/discover_type?post=61143"}],"curies":[{"name":"wp","href":"https:\/\/api.w.org\/{rel}","templated":true}]}}

Röster-Interview: Vogelmaier

<p>Die <a href="https://coffeelounge.delonghi.com/de/kaffeeroester/">VogelMaier‘s</a>, das sind Stefan Vogelgesang und Christiane Maier. Wir waren früher in der IT- und Telekommunikationsbranche im mittleren Management tätig und haben im Jahr 2016 die Kaffeerösterei VogelMaier im Münchner Stadtteil Haidhausen gegründet. Aufgrund unserer langjährigen Berufspraxis hat sich die Rollenaufteilung fast von selbst ergeben …</p>

<!-- This site is optimized with the Yoast SEO Premium plugin v24.5 (Yoast SEO v24.5) - https://yoast.com/wordpress/plugins/seo/ -->
<title>Röster-Interview: Vogelmaier | Coffee Lounge De&#039;Longhi</title>
<meta name="description" content="Die VogelMaier&#039;s, das sind Stefan Vogelgesang und Christiane Maier. Mit ihrem Café in München haben Sie Leidenschaft zu Berufung gemacht." />
<meta name="robots" content="index, follow, max-snippet:-1, max-image-preview:large, max-video-preview:-1" />
<meta name="twitter:card" content="summary_large_image" />
<meta name="twitter:title" content="Röster-Interview: Vogelmaier | Coffee Lounge De&#039;Longhi" />
<meta name="twitter:description" content="Die VogelMaier&#039;s, das sind Stefan Vogelgesang und Christiane Maier. Mit ihrem Café in München haben Sie Leidenschaft zu Berufung gemacht." />
<meta name="twitter:image" content="https://coffeelounge.delonghi.com/wp-content/uploads/2021/08/6_vogelmaier-724-e1629814095168.jpg" />
<script type="application/ld+json" class="yoast-schema-graph">{"@context":"https://schema.org","@graph":[{"@type":"WebPage","@id":"https://coffeelounge.delonghi.com/de/neuigkeiten/roester-interview-vogelmaier/","url":"https://coffeelounge.delonghi.com/de/neuigkeiten/roester-interview-vogelmaier/","name":"Röster-Interview: Vogelmaier | Coffee Lounge De&#039;Longhi","isPartOf":{"@id":"https://coffeelounge.delonghi.com/de/#website"},"primaryImageOfPage":{"@id":"https://coffeelounge.delonghi.com/de/neuigkeiten/roester-interview-vogelmaier/#primaryimage"},"image":{"@id":"https://coffeelounge.delonghi.com/de/neuigkeiten/roester-interview-vogelmaier/#primaryimage"},"thumbnailUrl":"https://coffeelounge.delonghi.com/wp-content/uploads/2021/08/6_vogelmaier-724-e1629814095168.jpg","datePublished":"2021-08-24T14:05:21+00:00","dateModified":"2021-11-24T10:33:56+00:00","description":"Die VogelMaier's, das sind Stefan Vogelgesang und Christiane Maier. Mit ihrem Café in München haben Sie Leidenschaft zu Berufung gemacht.","breadcrumb":{"@id":"https://coffeelounge.delonghi.com/de/neuigkeiten/roester-interview-vogelmaier/#breadcrumb"},"inLanguage":"de","potentialAction":[{"@type":"ReadAction","target":["https://coffeelounge.delonghi.com/de/neuigkeiten/roester-interview-vogelmaier/"]}]},{"@type":"ImageObject","inLanguage":"de","@id":"https://coffeelounge.delonghi.com/de/neuigkeiten/roester-interview-vogelmaier/#primaryimage","url":"https://coffeelounge.delonghi.com/wp-content/uploads/2021/08/6_vogelmaier-724-e1629814095168.jpg","contentUrl":"https://coffeelounge.delonghi.com/wp-content/uploads/2021/08/6_vogelmaier-724-e1629814095168.jpg","width":432,"height":432,"caption":"Neuigkeiten_VogelMaier_Stefan an unserem Röster"},{"@type":"BreadcrumbList","@id":"https://coffeelounge.delonghi.com/de/neuigkeiten/roester-interview-vogelmaier/#breadcrumb","itemListElement":[{"@type":"ListItem","position":1,"name":"Home","item":"https://coffeelounge.delonghi.com/de/"},{"@type":"ListItem","position":2,"name":"Discover","item":"https://coffeelounge.delonghi.com/de/neuigkeiten/"},{"@type":"ListItem","position":3,"name":"Stories &amp; Interviews","item":"https://coffeelounge.delonghi.com/de/nachrichten/stories-interviews/"},{"@type":"ListItem","position":4,"name":"Röster-Interview: Vogelmaier"}]},{"@type":"WebSite","@id":"https://coffeelounge.delonghi.com/de/#website","url":"https://coffeelounge.delonghi.com/de/","name":"De&#039;Longhi","description":"Coffee Lounge","publisher":{"@id":"https://coffeelounge.delonghi.com/de/#organization"},"potentialAction":[{"@type":"SearchAction","target":{"@type":"EntryPoint","urlTemplate":"https://coffeelounge.delonghi.com/de/?s={search_term_string}"},"query-input":{"@type":"PropertyValueSpecification","valueRequired":true,"valueName":"search_term_string"}}],"inLanguage":"de"},{"@type":"Organization","@id":"https://coffeelounge.delonghi.com/de/#organization","name":"De'Longhi Coffee Lounge","url":"https://coffeelounge.delonghi.com/de/","logo":{"@type":"ImageObject","inLanguage":"de","@id":"https://coffeelounge.delonghi.com/de/#/schema/logo/image/","url":"https://coffeelounge.delonghi.com/wp-content/uploads/2020/05/delonghi-coffee-lounge-logo-nederland.png","contentUrl":"https://coffeelounge.delonghi.com/wp-content/uploads/2020/05/delonghi-coffee-lounge-logo-nederland.png","width":2337,"height":724,"caption":"De'Longhi Coffee Lounge"},"image":{"@id":"https://coffeelounge.delonghi.com/de/#/schema/logo/image/"}}]}</script>
<!-- / Yoast SEO Premium plugin. -->

Röster-Interview: Vogelmaier | Coffee Lounge De&#039;Longhi

Die VogelMaier's, das sind Stefan Vogelgesang und Christiane Maier. Mit ihrem Café in München haben Sie Leidenschaft zu Berufung gemacht.

Neuigkeiten_VogelMaier_Stefan an unserem Röster
