{"id":110451,"date":"2022-01-13T14:28:17","date_gmt":"2022-01-13T14:28:17","guid":{"rendered":"https:\/\/coffeelounge.delonghi.com\/?post_type=discover&#038;p=110451"},"modified":"2022-02-03T11:07:13","modified_gmt":"2022-02-03T11:07:13","slug":"roester-interview-mokuska","status":"publish","type":"discover","link":"https:\/\/coffeelounge.delonghi.com\/de\/neuigkeiten\/roester-interview-mokuska\/","title":{"rendered":"R\u00f6ster-Interview: M\u00f3kuska"},"content":{"rendered":"<p>Mein Name ist Stefan Dachale. Ich bin in G\u00f6ttingen geboren und am Bodensee aufgewachsen. 2014 habe ich die M\u00f3kuska Kaffeer\u00f6sterei in Stuttgart, mit dem Ziel, den Stuttgarter:innen die Vielfalt an feinsten Kaffeevariet\u00e4ten zu zeigen, gegr\u00fcndet. Der Hauptteil meiner Arbeit findet in der R\u00f6sterei statt, wo ich mich um die Handelsbeziehungen, das Kaffeer\u00f6sten und die Weiterentwicklung des Kaffeesortiments k\u00fcmmere.<\/p>","protected":false},"author":3279,"featured_media":110494,"menu_order":0,"template":"","meta":{"_acf_changed":false,"footnotes":""},"discover_type":[252],"class_list":["post-110451","discover","type-discover","status-publish","has-post-thumbnail","hentry","discover_type-stories-interviews"],"acf":[],"yoast_head":"<!-- This site is optimized with the Yoast SEO Premium plugin v24.5 (Yoast SEO v24.5) - https:\/\/yoast.com\/wordpress\/plugins\/seo\/ -->\n<title>R\u00f6ster-Interview: M\u00f3kuska | Coffee Lounge De&#039;Longhi<\/title>\n<meta name=\"description\" content=\"Stefan Dachale hat 2014 das Caf\u00e9 M\u00f3kuska gegr\u00fcndet, um Stuttgarter:innen die Vielfalt des Kaffee zu zeigen. Lesen Sie das ganze Interview.\" \/>\n<meta name=\"robots\" content=\"index, follow, max-snippet:-1, max-image-preview:large, max-video-preview:-1\" \/>\n<meta name=\"twitter:card\" content=\"summary_large_image\" \/>\n<meta name=\"twitter:title\" content=\"R\u00f6ster-Interview: M\u00f3kuska | Coffee Lounge De&#039;Longhi\" \/>\n<meta name=\"twitter:description\" content=\"Stefan Dachale hat 2014 das Caf\u00e9 M\u00f3kuska gegr\u00fcndet, um Stuttgarter:innen die Vielfalt des Kaffee zu zeigen. Lesen Sie das ganze Interview.\" \/>\n<meta name=\"twitter:image\" content=\"https:\/\/coffeelounge.delonghi.com\/wp-content\/uploads\/2022\/01\/432X431.png\" \/>\n<script type=\"application\/ld+json\" class=\"yoast-schema-graph\">{\"@context\":\"https:\/\/schema.org\",\"@graph\":[{\"@type\":\"WebPage\",\"@id\":\"https:\/\/coffeelounge.delonghi.com\/de\/neuigkeiten\/roester-interview-mokuska\/\",\"url\":\"https:\/\/coffeelounge.delonghi.com\/de\/neuigkeiten\/roester-interview-mokuska\/\",\"name\":\"R\u00f6ster-Interview: M\u00f3kuska | Coffee Lounge De&#039;Longhi\",\"isPartOf\":{\"@id\":\"https:\/\/coffeelounge.delonghi.com\/de\/#website\"},\"primaryImageOfPage\":{\"@id\":\"https:\/\/coffeelounge.delonghi.com\/de\/neuigkeiten\/roester-interview-mokuska\/#primaryimage\"},\"image\":{\"@id\":\"https:\/\/coffeelounge.delonghi.com\/de\/neuigkeiten\/roester-interview-mokuska\/#primaryimage\"},\"thumbnailUrl\":\"https:\/\/coffeelounge.delonghi.com\/wp-content\/uploads\/2022\/01\/432X431.png\",\"datePublished\":\"2022-01-13T14:28:17+00:00\",\"dateModified\":\"2022-02-03T11:07:13+00:00\",\"description\":\"Stefan Dachale hat 2014 das Caf\u00e9 M\u00f3kuska gegr\u00fcndet, um Stuttgarter:innen die Vielfalt des Kaffee zu zeigen. Lesen Sie das ganze Interview.\",\"breadcrumb\":{\"@id\":\"https:\/\/coffeelounge.delonghi.com\/de\/neuigkeiten\/roester-interview-mokuska\/#breadcrumb\"},\"inLanguage\":\"de\",\"potentialAction\":[{\"@type\":\"ReadAction\",\"target\":[\"https:\/\/coffeelounge.delonghi.com\/de\/neuigkeiten\/roester-interview-mokuska\/\"]}]},{\"@type\":\"ImageObject\",\"inLanguage\":\"de\",\"@id\":\"https:\/\/coffeelounge.delonghi.com\/de\/neuigkeiten\/roester-interview-mokuska\/#primaryimage\",\"url\":\"https:\/\/coffeelounge.delonghi.com\/wp-content\/uploads\/2022\/01\/432X431.png\",\"contentUrl\":\"https:\/\/coffeelounge.delonghi.com\/wp-content\/uploads\/2022\/01\/432X431.png\",\"width\":432,\"height\":432,\"caption\":\"Dachale, Gru\u0308nder der Mo\u0301kuska Kaffeero\u0308sterei\"},{\"@type\":\"BreadcrumbList\",\"@id\":\"https:\/\/coffeelounge.delonghi.com\/de\/neuigkeiten\/roester-interview-mokuska\/#breadcrumb\",\"itemListElement\":[{\"@type\":\"ListItem\",\"position\":1,\"name\":\"Home\",\"item\":\"https:\/\/coffeelounge.delonghi.com\/de\/\"},{\"@type\":\"ListItem\",\"position\":2,\"name\":\"Discover\",\"item\":\"https:\/\/coffeelounge.delonghi.com\/de\/neuigkeiten\/\"},{\"@type\":\"ListItem\",\"position\":3,\"name\":\"Stories &amp; Interviews\",\"item\":\"https:\/\/coffeelounge.delonghi.com\/de\/nachrichten\/stories-interviews\/\"},{\"@type\":\"ListItem\",\"position\":4,\"name\":\"R\u00f6ster-Interview: M\u00f3kuska\"}]},{\"@type\":\"WebSite\",\"@id\":\"https:\/\/coffeelounge.delonghi.com\/de\/#website\",\"url\":\"https:\/\/coffeelounge.delonghi.com\/de\/\",\"name\":\"De&#039;Longhi\",\"description\":\"Coffee Lounge\",\"publisher\":{\"@id\":\"https:\/\/coffeelounge.delonghi.com\/de\/#organization\"},\"potentialAction\":[{\"@type\":\"SearchAction\",\"target\":{\"@type\":\"EntryPoint\",\"urlTemplate\":\"https:\/\/coffeelounge.delonghi.com\/de\/?s={search_term_string}\"},\"query-input\":{\"@type\":\"PropertyValueSpecification\",\"valueRequired\":true,\"valueName\":\"search_term_string\"}}],\"inLanguage\":\"de\"},{\"@type\":\"Organization\",\"@id\":\"https:\/\/coffeelounge.delonghi.com\/de\/#organization\",\"name\":\"De'Longhi Coffee Lounge\",\"url\":\"https:\/\/coffeelounge.delonghi.com\/de\/\",\"logo\":{\"@type\":\"ImageObject\",\"inLanguage\":\"de\",\"@id\":\"https:\/\/coffeelounge.delonghi.com\/de\/#\/schema\/logo\/image\/\",\"url\":\"https:\/\/coffeelounge.delonghi.com\/wp-content\/uploads\/2020\/05\/delonghi-coffee-lounge-logo-nederland.png\",\"contentUrl\":\"https:\/\/coffeelounge.delonghi.com\/wp-content\/uploads\/2020\/05\/delonghi-coffee-lounge-logo-nederland.png\",\"width\":2337,\"height\":724,\"caption\":\"De'Longhi Coffee Lounge\"},\"image\":{\"@id\":\"https:\/\/coffeelounge.delonghi.com\/de\/#\/schema\/logo\/image\/\"}}]}<\/script>\n<!-- \/ Yoast SEO Premium plugin. -->","yoast_head_json":{"title":"R\u00f6ster-Interview: M\u00f3kuska | Coffee Lounge De&#039;Longhi","description":"Stefan Dachale hat 2014 das Caf\u00e9 M\u00f3kuska gegr\u00fcndet, um Stuttgarter:innen die Vielfalt des Kaffee zu zeigen. Lesen Sie das ganze Interview.","robots":{"index":"index","follow":"follow","max-snippet":"max-snippet:-1","max-image-preview":"max-image-preview:large","max-video-preview":"max-video-preview:-1"},"twitter_card":"summary_large_image","twitter_title":"R\u00f6ster-Interview: M\u00f3kuska | Coffee Lounge De&#039;Longhi","twitter_description":"Stefan Dachale hat 2014 das Caf\u00e9 M\u00f3kuska gegr\u00fcndet, um Stuttgarter:innen die Vielfalt des Kaffee zu zeigen. Lesen Sie das ganze Interview.","twitter_image":"https:\/\/coffeelounge.delonghi.com\/wp-content\/uploads\/2022\/01\/432X431.png","schema":{"@context":"https:\/\/schema.org","@graph":[{"@type":"WebPage","@id":"https:\/\/coffeelounge.delonghi.com\/de\/neuigkeiten\/roester-interview-mokuska\/","url":"https:\/\/coffeelounge.delonghi.com\/de\/neuigkeiten\/roester-interview-mokuska\/","name":"R\u00f6ster-Interview: M\u00f3kuska | Coffee Lounge De&#039;Longhi","isPartOf":{"@id":"https:\/\/coffeelounge.delonghi.com\/de\/#website"},"primaryImageOfPage":{"@id":"https:\/\/coffeelounge.delonghi.com\/de\/neuigkeiten\/roester-interview-mokuska\/#primaryimage"},"image":{"@id":"https:\/\/coffeelounge.delonghi.com\/de\/neuigkeiten\/roester-interview-mokuska\/#primaryimage"},"thumbnailUrl":"https:\/\/coffeelounge.delonghi.com\/wp-content\/uploads\/2022\/01\/432X431.png","datePublished":"2022-01-13T14:28:17+00:00","dateModified":"2022-02-03T11:07:13+00:00","description":"Stefan Dachale hat 2014 das Caf\u00e9 M\u00f3kuska gegr\u00fcndet, um Stuttgarter:innen die Vielfalt des Kaffee zu zeigen. Lesen Sie das ganze Interview.","breadcrumb":{"@id":"https:\/\/coffeelounge.delonghi.com\/de\/neuigkeiten\/roester-interview-mokuska\/#breadcrumb"},"inLanguage":"de","potentialAction":[{"@type":"ReadAction","target":["https:\/\/coffeelounge.delonghi.com\/de\/neuigkeiten\/roester-interview-mokuska\/"]}]},{"@type":"ImageObject","inLanguage":"de","@id":"https:\/\/coffeelounge.delonghi.com\/de\/neuigkeiten\/roester-interview-mokuska\/#primaryimage","url":"https:\/\/coffeelounge.delonghi.com\/wp-content\/uploads\/2022\/01\/432X431.png","contentUrl":"https:\/\/coffeelounge.delonghi.com\/wp-content\/uploads\/2022\/01\/432X431.png","width":432,"height":432,"caption":"Dachale, Gru\u0308nder der Mo\u0301kuska Kaffeero\u0308sterei"},{"@type":"BreadcrumbList","@id":"https:\/\/coffeelounge.delonghi.com\/de\/neuigkeiten\/roester-interview-mokuska\/#breadcrumb","itemListElement":[{"@type":"ListItem","position":1,"name":"Home","item":"https:\/\/coffeelounge.delonghi.com\/de\/"},{"@type":"ListItem","position":2,"name":"Discover","item":"https:\/\/coffeelounge.delonghi.com\/de\/neuigkeiten\/"},{"@type":"ListItem","position":3,"name":"Stories &amp; Interviews","item":"https:\/\/coffeelounge.delonghi.com\/de\/nachrichten\/stories-interviews\/"},{"@type":"ListItem","position":4,"name":"R\u00f6ster-Interview: M\u00f3kuska"}]},{"@type":"WebSite","@id":"https:\/\/coffeelounge.delonghi.com\/de\/#website","url":"https:\/\/coffeelounge.delonghi.com\/de\/","name":"De&#039;Longhi","description":"Coffee Lounge","publisher":{"@id":"https:\/\/coffeelounge.delonghi.com\/de\/#organization"},"potentialAction":[{"@type":"SearchAction","target":{"@type":"EntryPoint","urlTemplate":"https:\/\/coffeelounge.delonghi.com\/de\/?s={search_term_string}"},"query-input":{"@type":"PropertyValueSpecification","valueRequired":true,"valueName":"search_term_string"}}],"inLanguage":"de"},{"@type":"Organization","@id":"https:\/\/coffeelounge.delonghi.com\/de\/#organization","name":"De'Longhi Coffee Lounge","url":"https:\/\/coffeelounge.delonghi.com\/de\/","logo":{"@type":"ImageObject","inLanguage":"de","@id":"https:\/\/coffeelounge.delonghi.com\/de\/#\/schema\/logo\/image\/","url":"https:\/\/coffeelounge.delonghi.com\/wp-content\/uploads\/2020\/05\/delonghi-coffee-lounge-logo-nederland.png","contentUrl":"https:\/\/coffeelounge.delonghi.com\/wp-content\/uploads\/2020\/05\/delonghi-coffee-lounge-logo-nederland.png","width":2337,"height":724,"caption":"De'Longhi Coffee Lounge"},"image":{"@id":"https:\/\/coffeelounge.delonghi.com\/de\/#\/schema\/logo\/image\/"}}]}},"_links":{"self":[{"href":"https:\/\/coffeelounge.delonghi.com\/de\/wp-json\/wp\/v2\/discover\/110451","targetHints":{"allow":["GET"]}}],"collection":[{"href":"https:\/\/coffeelounge.delonghi.com\/de\/wp-json\/wp\/v2\/discover"}],"about":[{"href":"https:\/\/coffeelounge.delonghi.com\/de\/wp-json\/wp\/v2\/types\/discover"}],"author":[{"embeddable":true,"href":"https:\/\/coffeelounge.delonghi.com\/de\/wp-json\/wp\/v2\/users\/3279"}],"version-history":[{"count":0,"href":"https:\/\/coffeelounge.delonghi.com\/de\/wp-json\/wp\/v2\/discover\/110451\/revisions"}],"wp:featuredmedia":[{"embeddable":true,"href":"https:\/\/coffeelounge.delonghi.com\/de\/wp-json\/wp\/v2\/media\/110494"}],"wp:attachment":[{"href":"https:\/\/coffeelounge.delonghi.com\/de\/wp-json\/wp\/v2\/media?parent=110451"}],"wp:term":[{"taxonomy":"discover_type","embeddable":true,"href":"https:\/\/coffeelounge.delonghi.com\/de\/wp-json\/wp\/v2\/discover_type?post=110451"}],"curies":[{"name":"wp","href":"https:\/\/api.w.org\/{rel}","templated":true}]}}

Röster-Interview: Mókuska

<p>Mein Name ist Stefan Dachale. Ich bin in Göttingen geboren und am Bodensee aufgewachsen. 2014 habe ich die Mókuska Kaffeerösterei in Stuttgart, mit dem Ziel, den Stuttgarter:innen die Vielfalt an feinsten Kaffeevarietäten zu zeigen, gegründet. Der Hauptteil meiner Arbeit findet in der Rösterei statt, wo ich mich um die Handelsbeziehungen, das Kaffeerösten und die Weiterentwicklung des Kaffeesortiments kümmere.</p>

<!-- This site is optimized with the Yoast SEO Premium plugin v24.5 (Yoast SEO v24.5) - https://yoast.com/wordpress/plugins/seo/ -->
<title>Röster-Interview: Mókuska | Coffee Lounge De&#039;Longhi</title>
<meta name="description" content="Stefan Dachale hat 2014 das Café Mókuska gegründet, um Stuttgarter:innen die Vielfalt des Kaffee zu zeigen. Lesen Sie das ganze Interview." />
<meta name="robots" content="index, follow, max-snippet:-1, max-image-preview:large, max-video-preview:-1" />
<meta name="twitter:card" content="summary_large_image" />
<meta name="twitter:title" content="Röster-Interview: Mókuska | Coffee Lounge De&#039;Longhi" />
<meta name="twitter:description" content="Stefan Dachale hat 2014 das Café Mókuska gegründet, um Stuttgarter:innen die Vielfalt des Kaffee zu zeigen. Lesen Sie das ganze Interview." />
<meta name="twitter:image" content="https://coffeelounge.delonghi.com/wp-content/uploads/2022/01/432X431.png" />
<script type="application/ld+json" class="yoast-schema-graph">{"@context":"https://schema.org","@graph":[{"@type":"WebPage","@id":"https://coffeelounge.delonghi.com/de/neuigkeiten/roester-interview-mokuska/","url":"https://coffeelounge.delonghi.com/de/neuigkeiten/roester-interview-mokuska/","name":"Röster-Interview: Mókuska | Coffee Lounge De&#039;Longhi","isPartOf":{"@id":"https://coffeelounge.delonghi.com/de/#website"},"primaryImageOfPage":{"@id":"https://coffeelounge.delonghi.com/de/neuigkeiten/roester-interview-mokuska/#primaryimage"},"image":{"@id":"https://coffeelounge.delonghi.com/de/neuigkeiten/roester-interview-mokuska/#primaryimage"},"thumbnailUrl":"https://coffeelounge.delonghi.com/wp-content/uploads/2022/01/432X431.png","datePublished":"2022-01-13T14:28:17+00:00","dateModified":"2022-02-03T11:07:13+00:00","description":"Stefan Dachale hat 2014 das Café Mókuska gegründet, um Stuttgarter:innen die Vielfalt des Kaffee zu zeigen. Lesen Sie das ganze Interview.","breadcrumb":{"@id":"https://coffeelounge.delonghi.com/de/neuigkeiten/roester-interview-mokuska/#breadcrumb"},"inLanguage":"de","potentialAction":[{"@type":"ReadAction","target":["https://coffeelounge.delonghi.com/de/neuigkeiten/roester-interview-mokuska/"]}]},{"@type":"ImageObject","inLanguage":"de","@id":"https://coffeelounge.delonghi.com/de/neuigkeiten/roester-interview-mokuska/#primaryimage","url":"https://coffeelounge.delonghi.com/wp-content/uploads/2022/01/432X431.png","contentUrl":"https://coffeelounge.delonghi.com/wp-content/uploads/2022/01/432X431.png","width":432,"height":432,"caption":"Dachale, Gründer der Mókuska Kaffeerösterei"},{"@type":"BreadcrumbList","@id":"https://coffeelounge.delonghi.com/de/neuigkeiten/roester-interview-mokuska/#breadcrumb","itemListElement":[{"@type":"ListItem","position":1,"name":"Home","item":"https://coffeelounge.delonghi.com/de/"},{"@type":"ListItem","position":2,"name":"Discover","item":"https://coffeelounge.delonghi.com/de/neuigkeiten/"},{"@type":"ListItem","position":3,"name":"Stories &amp; Interviews","item":"https://coffeelounge.delonghi.com/de/nachrichten/stories-interviews/"},{"@type":"ListItem","position":4,"name":"Röster-Interview: Mókuska"}]},{"@type":"WebSite","@id":"https://coffeelounge.delonghi.com/de/#website","url":"https://coffeelounge.delonghi.com/de/","name":"De&#039;Longhi","description":"Coffee Lounge","publisher":{"@id":"https://coffeelounge.delonghi.com/de/#organization"},"potentialAction":[{"@type":"SearchAction","target":{"@type":"EntryPoint","urlTemplate":"https://coffeelounge.delonghi.com/de/?s={search_term_string}"},"query-input":{"@type":"PropertyValueSpecification","valueRequired":true,"valueName":"search_term_string"}}],"inLanguage":"de"},{"@type":"Organization","@id":"https://coffeelounge.delonghi.com/de/#organization","name":"De'Longhi Coffee Lounge","url":"https://coffeelounge.delonghi.com/de/","logo":{"@type":"ImageObject","inLanguage":"de","@id":"https://coffeelounge.delonghi.com/de/#/schema/logo/image/","url":"https://coffeelounge.delonghi.com/wp-content/uploads/2020/05/delonghi-coffee-lounge-logo-nederland.png","contentUrl":"https://coffeelounge.delonghi.com/wp-content/uploads/2020/05/delonghi-coffee-lounge-logo-nederland.png","width":2337,"height":724,"caption":"De'Longhi Coffee Lounge"},"image":{"@id":"https://coffeelounge.delonghi.com/de/#/schema/logo/image/"}}]}</script>
<!-- / Yoast SEO Premium plugin. -->

Röster-Interview: Mókuska | Coffee Lounge De&#039;Longhi

Stefan Dachale hat 2014 das Café Mókuska gegründet, um Stuttgarter:innen die Vielfalt des Kaffee zu zeigen. Lesen Sie das ganze Interview.
